CRAN Package Check Results for Package lmPerm

Last updated on 2024-06-18 11:54:49 CEST.

Flavor Version Tinstall Tcheck Ttotal Status Flags
r-devel-linux-x86_64-debian-clang 2.1.0 5.71 51.93 57.64 OK
r-devel-linux-x86_64-debian-gcc 2.1.0 4.89 39.06 43.95 OK
r-devel-linux-x86_64-fedora-clang 2.1.0 71.78 NOTE
r-devel-linux-x86_64-fedora-gcc 2.1.0 81.93 NOTE
r-devel-windows-x86_64 2.1.0 6.00 85.00 91.00 OK
r-patched-linux-x86_64 2.1.0 7.17 50.13 57.30 OK
r-release-linux-x86_64 2.1.0 5.91 50.27 56.18 OK
r-release-macos-arm64 2.1.0 32.00 OK
r-release-macos-x86_64 2.1.0 80.00 OK
r-release-windows-x86_64 2.1.0 6.00 86.00 92.00 OK
r-oldrel-macos-arm64 2.1.0 35.00 OK
r-oldrel-macos-x86_64 2.1.0 49.00 OK
r-oldrel-windows-x86_64 2.1.0 9.00 83.00 92.00 OK

Check Details

Version: 2.1.0
Check: compiled code
Result: NOTE File ‘lmPerm/libs/lmPerm.so’: Found no calls to: ‘R_registerRoutines’, ‘R_useDynamicSymbols’ It is good practice to register native routines and to disable symbol search. See ‘Writing portable packages’ in the ‘Writing R Extensions’ manual. Flavors: r-devel-linux-x86_64-fedora-clang, r-devel-linux-x86_64-fedora-gcc