Last updated on 2023-03-23 17:52:19 CET.
Flavor | Version | Tinstall | Tcheck | Ttotal | Status | Flags |
---|---|---|---|---|---|---|
r-devel-linux-x86_64-debian-clang | 0.2.0 | 11.20 | 90.61 | 101.81 | NOTE | |
r-devel-linux-x86_64-debian-gcc | 0.2.0 | 9.44 | 70.36 | 79.80 | NOTE | |
r-devel-linux-x86_64-fedora-clang | 0.2.0 | 135.78 | NOTE | |||
r-devel-linux-x86_64-fedora-gcc | 0.2.0 | 120.48 | NOTE | |||
r-patched-linux-x86_64 | 0.2.0 | 8.70 | 88.21 | 96.91 | NOTE | |
r-release-linux-x86_64 | 0.2.0 | 10.93 | 89.48 | 100.41 | NOTE | |
r-release-macos-arm64 | 0.2.0 | 36.00 | NOTE | |||
r-release-macos-x86_64 | 0.2.0 | 65.00 | NOTE | |||
r-release-windows-x86_64 | 0.2.0 | 27.00 | 144.00 | 171.00 | NOTE | |
r-oldrel-macos-arm64 | 0.2.0 | 49.00 | NOTE | |||
r-oldrel-macos-x86_64 | 0.2.0 | 71.00 | NOTE | |||
r-oldrel-windows-ix86+x86_64 | 0.2.0 | 27.00 | 117.00 | 144.00 | NOTE |
Version: 0.2.0
Check: LazyData
Result: NOTE
'LazyData' is specified without a 'data' directory
Flavors: r-devel-linux-x86_64-debian-clang, r-devel-linux-x86_64-debian-gcc, r-devel-linux-x86_64-fedora-clang, r-devel-linux-x86_64-fedora-gcc, r-patched-linux-x86_64, r-release-linux-x86_64, r-release-macos-arm64, r-release-macos-x86_64, r-release-windows-x86_64, r-oldrel-macos-arm64, r-oldrel-macos-x86_64, r-oldrel-windows-ix86+x86_64
Version: 0.2.0
Check: dependencies in R code
Result: NOTE
Namespace in Imports field not imported from: ‘shinyjs’
All declared Imports should be used.
Flavors: r-devel-linux-x86_64-fedora-clang, r-devel-linux-x86_64-fedora-gcc, r-release-macos-arm64, r-release-macos-x86_64, r-oldrel-macos-arm64, r-oldrel-macos-x86_64