Last updated on 2023-06-07 12:00:39 CEST.
Flavor | Version | Tinstall | Tcheck | Ttotal | Status | Flags |
---|---|---|---|---|---|---|
r-devel-linux-x86_64-debian-clang | 0.3.1 | 2.98 | 45.85 | 48.83 | OK | |
r-devel-linux-x86_64-debian-gcc | 0.3.1 | 1.86 | 35.62 | 37.48 | OK | |
r-devel-linux-x86_64-fedora-clang | 0.3.1 | 60.65 | NOTE | |||
r-devel-linux-x86_64-fedora-gcc | 0.3.1 | 58.33 | NOTE | |||
r-devel-windows-x86_64 | 0.3.1 | 6.00 | 64.00 | 70.00 | OK | |
r-patched-linux-x86_64 | 0.3.1 | 2.52 | 44.76 | 47.28 | OK | |
r-release-linux-x86_64 | 0.3.1 | 2.69 | 45.21 | 47.90 | OK | |
r-release-macos-arm64 | 0.3.1 | 28.00 | OK | |||
r-release-macos-x86_64 | 0.3.1 | 42.00 | OK | |||
r-release-windows-x86_64 | 0.3.1 | 3.00 | 74.00 | 77.00 | OK | |
r-oldrel-macos-arm64 | 0.3.1 | 28.00 | OK | |||
r-oldrel-macos-x86_64 | 0.3.1 | 39.00 | OK | |||
r-oldrel-windows-x86_64 | 0.3.1 | 7.00 | 80.00 | 87.00 | OK |
Version: 0.3.1
Check: data for non-ASCII characters
Result: NOTE
Note: found 4 marked UTF-8 strings
Flavors: r-devel-linux-x86_64-fedora-clang, r-devel-linux-x86_64-fedora-gcc