CRAN Package Check Results for Package lobstr

Last updated on 2021-10-19 05:51:06 CEST.

Flavor Version Tinstall Tcheck Ttotal Status Flags
r-devel-linux-x86_64-debian-clang 1.1.1 32.65 32.28 64.93 NOTE
r-devel-linux-x86_64-debian-gcc 1.1.1 22.25 24.99 47.24 NOTE
r-devel-linux-x86_64-fedora-clang 1.1.1 112.70 NOTE
r-devel-linux-x86_64-fedora-gcc 1.1.1 89.23 NOTE
r-devel-windows-x86_64 1.1.1 45.00 65.00 110.00 NOTE
r-devel-windows-x86_64-gcc10-UCRT 1.1.1 NOTE
r-patched-linux-x86_64 1.1.1 28.09 30.63 58.72 NOTE
r-patched-solaris-x86 1.1.1 93.30 NOTE
r-release-linux-x86_64 1.1.1 28.06 31.24 59.30 NOTE
r-release-macos-arm64 1.1.1 NOTE
r-release-macos-x86_64 1.1.1 NOTE
r-release-windows-ix86+x86_64 1.1.1 71.00 78.00 149.00 NOTE
r-oldrel-macos-x86_64 1.1.1 OK
r-oldrel-windows-ix86+x86_64 1.1.1 86.00 85.00 171.00 OK

Additional issues

rchk

Check Details

Version: 1.1.1
Check: LazyData
Result: NOTE
     'LazyData' is specified without a 'data' directory
Flavors: r-devel-linux-x86_64-debian-clang, r-devel-linux-x86_64-debian-gcc, r-devel-linux-x86_64-fedora-clang, r-devel-linux-x86_64-fedora-gcc, r-devel-windows-x86_64, r-devel-windows-x86_64-gcc10-UCRT, r-patched-linux-x86_64, r-patched-solaris-x86, r-release-linux-x86_64, r-release-macos-arm64, r-release-macos-x86_64, r-release-windows-ix86+x86_64