CRAN Package Check Results for Package localgauss

Last updated on 2021-07-31 23:50:28 CEST.

Flavor Version Tinstall Tcheck Ttotal Status Flags
r-devel-linux-x86_64-debian-clang 0.40 4.42 25.25 29.67 OK
r-devel-linux-x86_64-debian-gcc 0.40 3.60 20.13 23.73 OK
r-devel-linux-x86_64-fedora-clang 0.40 46.56 NOTE
r-devel-linux-x86_64-fedora-gcc 0.40 35.97 NOTE
r-devel-windows-x86_64 0.40 7.00 47.00 54.00 OK
r-devel-windows-x86_64-gcc10-UCRT 0.40 OK
r-patched-linux-x86_64 0.40 OK
r-patched-solaris-x86 0.40 66.90 OK
r-release-linux-x86_64 0.40 4.80 24.80 29.60 OK
r-release-macos-arm64 0.40 OK
r-release-macos-x86_64 0.40 OK
r-release-windows-ix86+x86_64 0.40 14.00 44.00 58.00 OK
r-oldrel-macos-x86_64 0.40 OK
r-oldrel-windows-ix86+x86_64 0.40 13.00 60.00 73.00 OK

Check Details

Version: 0.40
Check: compiled code
Result: NOTE
    File ‘localgauss/libs/localgauss.so’:
     Found no calls to: ‘R_registerRoutines’, ‘R_useDynamicSymbols’
    
    It is good practice to register native routines and to disable symbol
    search.
    
    See ‘Writing portable packages’ in the ‘Writing R Extensions’ manual.
Flavors: r-devel-linux-x86_64-fedora-clang, r-devel-linux-x86_64-fedora-gcc