Last updated on 2024-05-04 11:48:27 CEST.
Flavor | Version | Tinstall | Tcheck | Ttotal | Status | Flags |
---|---|---|---|---|---|---|
r-devel-linux-x86_64-debian-clang | 1.1 | 3.73 | 33.26 | 36.99 | NOTE | |
r-devel-linux-x86_64-debian-gcc | 1.1 | 3.26 | 25.93 | 29.19 | NOTE | |
r-devel-linux-x86_64-fedora-clang | 1.1 | 48.02 | NOTE | |||
r-devel-linux-x86_64-fedora-gcc | 1.1 | 45.66 | NOTE | |||
r-devel-windows-x86_64 | 1.1 | 6.00 | 52.00 | 58.00 | NOTE | |
r-patched-linux-x86_64 | 1.1 | 3.17 | 32.82 | 35.99 | NOTE | |
r-release-linux-x86_64 | 1.1 | 4.11 | 32.17 | 36.28 | NOTE | |
r-release-macos-arm64 | 1.1 | 19.00 | NOTE | |||
r-release-windows-x86_64 | 1.1 | 6.00 | 51.00 | 57.00 | NOTE | |
r-oldrel-macos-arm64 | 1.1 | 22.00 | OK | |||
r-oldrel-macos-x86_64 | 1.1 | 28.00 | OK | |||
r-oldrel-windows-x86_64 | 1.1 | 7.00 | 51.00 | 58.00 | OK |
Version: 1.1
Check: Rd contents
Result: NOTE
Argument items with no description in Rd file 'spec.emb.Rd':
‘A’
Flavors: r-devel-linux-x86_64-debian-clang, r-devel-linux-x86_64-debian-gcc, r-devel-linux-x86_64-fedora-clang, r-devel-linux-x86_64-fedora-gcc, r-devel-windows-x86_64, r-patched-linux-x86_64, r-release-linux-x86_64, r-release-macos-arm64, r-release-windows-x86_64
Version: 1.1
Check: compiled code
Result: NOTE
File ‘loe/libs/loe.so’:
Found no calls to: ‘R_registerRoutines’, ‘R_useDynamicSymbols’
It is good practice to register native routines and to disable symbol
search.
See ‘Writing portable packages’ in the ‘Writing R Extensions’ manual.
Flavors: r-devel-linux-x86_64-fedora-clang, r-devel-linux-x86_64-fedora-gcc