CRAN Package Check Results for Package logKDE

Last updated on 2021-07-27 17:51:02 CEST.

Flavor Version Tinstall Tcheck Ttotal Status Flags
r-devel-linux-x86_64-debian-clang 0.3.2 19.40 62.75 82.15 NOTE
r-devel-linux-x86_64-debian-gcc 0.3.2 12.99 48.80 61.79 NOTE
r-devel-linux-x86_64-fedora-clang 0.3.2 112.50 NOTE
r-devel-linux-x86_64-fedora-gcc 0.3.2 101.58 NOTE
r-devel-windows-x86_64 0.3.2 27.00 102.00 129.00 NOTE
r-devel-windows-x86_64-gcc10-UCRT 0.3.2 NOTE
r-patched-linux-x86_64 0.3.2 16.29 61.54 77.83 NOTE
r-patched-solaris-x86 0.3.2 140.50 NOTE
r-release-linux-x86_64 0.3.2 15.30 61.51 76.81 NOTE
r-release-macos-arm64 0.3.2 NOTE
r-release-macos-x86_64 0.3.2 NOTE
r-release-windows-ix86+x86_64 0.3.2 46.00 119.00 165.00 NOTE
r-oldrel-macos-x86_64 0.3.2 OK
r-oldrel-windows-ix86+x86_64 0.3.2 39.00 166.00 205.00 OK

Check Details

Version: 0.3.2
Check: LazyData
Result: NOTE
     'LazyData' is specified without a 'data' directory
Flavors: r-devel-linux-x86_64-debian-clang, r-devel-linux-x86_64-debian-gcc, r-devel-linux-x86_64-fedora-clang, r-devel-linux-x86_64-fedora-gcc, r-devel-windows-x86_64, r-devel-windows-x86_64-gcc10-UCRT, r-patched-linux-x86_64, r-patched-solaris-x86, r-release-linux-x86_64, r-release-macos-arm64, r-release-macos-x86_64, r-release-windows-ix86+x86_64