Last updated on 2022-06-30 17:49:49 CEST.
Flavor | Version | Tinstall | Tcheck | Ttotal | Status | Flags |
---|---|---|---|---|---|---|
r-devel-linux-x86_64-debian-clang | 0.1.0 | 12.16 | 108.31 | 120.47 | OK | |
r-devel-linux-x86_64-debian-gcc | 0.1.0 | 9.21 | 83.23 | 92.44 | OK | |
r-devel-linux-x86_64-fedora-clang | 0.1.0 | 155.45 | NOTE | |||
r-devel-linux-x86_64-fedora-gcc | 0.1.0 | 152.01 | NOTE | |||
r-devel-windows-x86_64 | 0.1.0 | 15.00 | 127.00 | 142.00 | OK | |
r-patched-linux-x86_64 | 0.1.0 | 12.66 | 104.74 | 117.40 | OK | |
r-release-linux-x86_64 | 0.1.0 | 11.53 | 103.96 | 115.49 | OK | |
r-release-macos-arm64 | 0.1.0 | 53.00 | NOTE | |||
r-release-macos-x86_64 | 0.1.0 | 66.00 | NOTE | |||
r-release-windows-x86_64 | 0.1.0 | 19.00 | 130.00 | 149.00 | OK | |
r-oldrel-macos-arm64 | 0.1.0 | 53.00 | NOTE | |||
r-oldrel-macos-x86_64 | 0.1.0 | 107.00 | NOTE | |||
r-oldrel-windows-ix86+x86_64 | 0.1.0 | 26.00 | 127.00 | 153.00 | OK |
Version: 0.1.0
Check: dependencies in R code
Result: NOTE
Namespace in Imports field not imported from: ‘utils’
All declared Imports should be used.
Flavors: r-devel-linux-x86_64-fedora-clang, r-devel-linux-x86_64-fedora-gcc, r-release-macos-arm64, r-release-macos-x86_64, r-oldrel-macos-arm64, r-oldrel-macos-x86_64