Last updated on 2024-08-16 11:49:44 CEST.
Flavor | Version | Tinstall | Tcheck | Ttotal | Status | Flags |
---|---|---|---|---|---|---|
r-devel-linux-x86_64-debian-clang | 1.0 | 13.53 | 112.72 | 126.25 | OK | |
r-devel-linux-x86_64-debian-gcc | 1.0 | 9.99 | 78.24 | 88.23 | OK | |
r-devel-linux-x86_64-fedora-clang | 1.0 | 205.83 | NOTE | |||
r-devel-linux-x86_64-fedora-gcc | 1.0 | 189.49 | OK | |||
r-devel-windows-x86_64 | 1.0 | 15.00 | 117.00 | 132.00 | OK | |
r-patched-linux-x86_64 | 1.0 | 13.93 | 107.95 | 121.88 | OK | |
r-release-linux-x86_64 | 1.0 | 13.32 | 107.82 | 121.14 | OK | |
r-release-macos-arm64 | 1.0 | 56.00 | OK | |||
r-release-macos-x86_64 | 1.0 | 106.00 | OK | |||
r-release-windows-x86_64 | 1.0 | 16.00 | 118.00 | 134.00 | OK | |
r-oldrel-macos-arm64 | 1.0 | 61.00 | OK | |||
r-oldrel-macos-x86_64 | 1.0 | 80.00 | OK | |||
r-oldrel-windows-x86_64 | 1.0 | 21.00 | 145.00 | 166.00 | OK |
Version: 1.0
Check: package dependencies
Result: NOTE
Imports includes 21 non-default packages.
Importing from so many packages makes the package vulnerable to any of
them becoming unavailable. Move as many as possible to Suggests and
use conditionally.
Flavor: r-devel-linux-x86_64-fedora-clang