CRAN Package Check Results for Package loon.data

Last updated on 2020-08-13 05:47:55 CEST.

Flavor Version Tinstall Tcheck Ttotal Status Flags
r-devel-linux-x86_64-debian-clang 0.1.0 2.48 31.32 33.80 WARN
r-devel-linux-x86_64-debian-gcc 0.1.0 1.79 24.80 26.59 OK
r-devel-linux-x86_64-fedora-clang 0.1.0 49.09 NOTE
r-devel-linux-x86_64-fedora-gcc 0.1.0 39.28 NOTE
r-devel-windows-ix86+x86_64 0.1.0 8.00 41.00 49.00 OK
r-patched-linux-x86_64 0.1.0 2.49 30.71 33.20 OK
r-patched-solaris-x86 0.1.0 65.10 NOTE
r-release-linux-x86_64 0.1.0 2.32 30.45 32.77 OK
r-release-macos-x86_64 0.1.0 NOTE
r-release-windows-ix86+x86_64 0.1.0 6.00 42.00 48.00 OK
r-oldrel-macos-x86_64 0.1.0 NOTE
r-oldrel-windows-ix86+x86_64 0.1.0 8.00 62.00 70.00 OK

Check Details

Version: 0.1.0
Check: for code/documentation mismatches
Result: WARN
    Warning in load(zfile, envir = tmp_env) :
     strings not representable in native encoding will be translated to UTF-8
Flavor: r-devel-linux-x86_64-debian-clang

Version: 0.1.0
Check: contents of ‘data’ directory
Result: WARN
    Output for data("covidNZ", package = "loon.data"):
     Warning message:
     In load(zfile, envir = tmp_env) :
     strings not representable in native encoding will be translated to UTF-8
Flavor: r-devel-linux-x86_64-debian-clang

Version: 0.1.0
Check: data for non-ASCII characters
Result: NOTE
     Note: found 994 marked Latin-1 strings
     Note: found 3 marked UTF-8 strings
Flavors: r-devel-linux-x86_64-fedora-clang, r-devel-linux-x86_64-fedora-gcc, r-patched-solaris-x86, r-release-macos-x86_64, r-oldrel-macos-x86_64