CRAN Package Check Results for Package lpSolve

Last updated on 2019-03-24 23:51:09 CET.

Flavor Version Tinstall Tcheck Ttotal Status Flags
r-devel-linux-x86_64-debian-clang 5.6.13 31.40 19.24 50.64 OK
r-devel-linux-x86_64-debian-gcc 5.6.13 20.17 15.84 36.01 OK
r-devel-linux-x86_64-fedora-clang 5.6.13 66.53 NOTE
r-devel-linux-x86_64-fedora-gcc 5.6.13 61.67 NOTE
r-devel-windows-ix86+x86_64 5.6.13 176.00 53.00 229.00 OK
r-patched-linux-x86_64 5.6.13 24.65 17.83 42.48 OK
r-patched-solaris-x86 5.6.13 89.00 OK
r-release-linux-x86_64 5.6.13 25.61 17.94 43.55 OK
r-release-windows-ix86+x86_64 5.6.13 126.00 38.00 164.00 OK
r-release-osx-x86_64 5.6.13 OK
r-oldrel-windows-ix86+x86_64 5.6.13 133.00 52.00 185.00 OK
r-oldrel-osx-x86_64 5.6.13 OK

Check Details

Version: 5.6.13
Check: compiled code
Result: NOTE
    File ‘lpSolve/libs/lpSolve.so’:
     Found no calls to: ‘R_registerRoutines’, ‘R_useDynamicSymbols’
    
    It is good practice to register native routines and to disable symbol
    search.
    
    See ‘Writing portable packages’ in the ‘Writing R Extensions’ manual.
Flavors: r-devel-linux-x86_64-fedora-clang, r-devel-linux-x86_64-fedora-gcc