CRAN Package Check Results for Package lpSolve

Last updated on 2019-05-19 17:57:35 CEST.

Flavor Version Tinstall Tcheck Ttotal Status Flags
r-devel-linux-x86_64-debian-clang 5.6.13 29.99 19.05 49.04 WARN
r-devel-linux-x86_64-debian-gcc 5.6.13 22.08 15.61 37.69 WARN
r-devel-linux-x86_64-fedora-clang 5.6.13 69.49 WARN
r-devel-linux-x86_64-fedora-gcc 5.6.13 62.51 WARN
r-devel-windows-ix86+x86_64 5.6.13 179.00 41.00 220.00 OK
r-patched-linux-x86_64 5.6.13 26.91 19.03 45.94 WARN
r-patched-solaris-x86 5.6.13 92.30 OK
r-release-linux-x86_64 5.6.13 25.73 19.17 44.90 OK
r-release-windows-ix86+x86_64 5.6.13 186.00 42.00 228.00 OK
r-release-osx-x86_64 5.6.13 OK
r-oldrel-windows-ix86+x86_64 5.6.13 126.00 38.00 164.00 OK
r-oldrel-osx-x86_64 5.6.13 OK

Check Details

Version: 5.6.13
Check: whether package can be installed
Result: WARN
    Found the following significant warnings:
     sparselib.c:51:3: warning: ignoring return value of function declared with 'warn_unused_result' attribute [-Wunused-result]
Flavors: r-devel-linux-x86_64-debian-clang, r-devel-linux-x86_64-fedora-clang

Version: 5.6.13
Check: whether package can be installed
Result: WARN
    Found the following significant warnings:
     sparselib.c:51:3: warning: ignoring return value of ‘realloc’, declared with attribute warn_unused_result [-Wunused-result]
Flavors: r-devel-linux-x86_64-debian-gcc, r-devel-linux-x86_64-fedora-gcc, r-patched-linux-x86_64

Version: 5.6.13
Check: compiled code
Result: NOTE
    File ‘lpSolve/libs/lpSolve.so’:
     Found no calls to: ‘R_registerRoutines’, ‘R_useDynamicSymbols’
    
    It is good practice to register native routines and to disable symbol
    search.
    
    See ‘Writing portable packages’ in the ‘Writing R Extensions’ manual.
Flavors: r-devel-linux-x86_64-fedora-clang, r-devel-linux-x86_64-fedora-gcc