Last updated on 2023-06-01 23:56:21 CEST.
Flavor | Version | Tinstall | Tcheck | Ttotal | Status | Flags |
---|---|---|---|---|---|---|
r-devel-linux-x86_64-debian-clang | 0.1.0 | 31.50 | 544.59 | 576.09 | NOTE | |
r-devel-linux-x86_64-debian-gcc | 0.1.0 | 25.66 | 382.34 | 408.00 | NOTE | |
r-devel-linux-x86_64-fedora-clang | 0.1.0 | 703.28 | NOTE | |||
r-devel-linux-x86_64-fedora-gcc | 0.1.0 | 675.09 | NOTE | |||
r-devel-windows-x86_64 | 0.1.0 | 29.00 | 350.00 | 379.00 | NOTE | |
r-patched-linux-x86_64 | 0.1.0 | NOTE | ||||
r-release-linux-x86_64 | 0.1.0 | 30.06 | 522.09 | 552.15 | NOTE | |
r-release-macos-arm64 | 0.1.0 | 149.00 | NOTE | |||
r-release-macos-x86_64 | 0.1.0 | 270.00 | NOTE | |||
r-release-windows-x86_64 | 0.1.0 | 34.00 | 510.00 | 544.00 | NOTE | |
r-oldrel-macos-arm64 | 0.1.0 | 128.00 | OK | |||
r-oldrel-macos-x86_64 | 0.1.0 | 186.00 | OK | |||
r-oldrel-windows-x86_64 | 0.1.0 | 37.00 | 488.00 | 525.00 | OK |
Version: 0.1.0
Check: C++ specification
Result: NOTE
Specified C++11: please drop specification unless essential
Flavors: r-devel-linux-x86_64-debian-clang, r-devel-linux-x86_64-debian-gcc, r-devel-linux-x86_64-fedora-clang, r-devel-linux-x86_64-fedora-gcc, r-devel-windows-x86_64, r-patched-linux-x86_64, r-release-linux-x86_64, r-release-macos-arm64, r-release-macos-x86_64, r-release-windows-x86_64