CRAN Package Check Results for Package lpme

Last updated on 2021-09-18 23:49:57 CEST.

Flavor Version Tinstall Tcheck Ttotal Status Flags
r-devel-linux-x86_64-debian-clang 1.1.2 146.69 45.04 191.73 OK
r-devel-linux-x86_64-debian-gcc 1.1.2 105.10 33.90 139.00 OK
r-devel-linux-x86_64-fedora-clang 1.1.2 297.54 NOTE
r-devel-linux-x86_64-fedora-gcc 1.1.2 259.94 OK
r-devel-windows-x86_64 1.1.2 136.00 77.00 213.00 OK
r-devel-windows-x86_64-gcc10-UCRT 1.1.2 OK
r-patched-linux-x86_64 1.1.2 131.54 44.05 175.59 OK
r-patched-solaris-x86 1.1.2 231.00 OK
r-release-linux-x86_64 1.1.2 131.57 43.81 175.38 OK
r-release-macos-arm64 1.1.2 NOTE
r-release-macos-x86_64 1.1.2 NOTE
r-release-windows-ix86+x86_64 1.1.2 355.00 85.00 440.00 OK
r-oldrel-macos-x86_64 1.1.2 NOTE
r-oldrel-windows-ix86+x86_64 1.1.2 346.00 88.00 434.00 OK

Check Details

Version: 1.1.2
Check: installed package size
Result: NOTE
     installed size is 6.3Mb
     sub-directories of 1Mb or more:
     libs 6.2Mb
Flavors: r-devel-linux-x86_64-fedora-clang, r-release-macos-arm64, r-release-macos-x86_64, r-oldrel-macos-x86_64