CRAN Package Check Results for Package lpme

Last updated on 2021-06-18 05:48:50 CEST.

Flavor Version Tinstall Tcheck Ttotal Status Flags
r-devel-linux-x86_64-debian-clang 1.1.1 152.51 47.92 200.43 OK
r-devel-linux-x86_64-debian-gcc 1.1.1 104.56 35.83 140.39 OK
r-devel-linux-x86_64-fedora-clang 1.1.1 292.01 NOTE
r-devel-linux-x86_64-fedora-gcc 1.1.1 264.14 OK
r-devel-windows-x86_64 1.1.1 187.00 83.00 270.00 OK
r-devel-windows-x86_64-gcc10-UCRT 1.1.1 OK
r-patched-linux-x86_64 1.1.1 119.73 46.49 166.22 OK
r-patched-solaris-x86 1.1.1 244.20 OK
r-release-linux-x86_64 1.1.1 125.18 46.57 171.75 OK
r-release-macos-arm64 1.1.1 NOTE
r-release-macos-x86_64 1.1.1 NOTE
r-release-windows-ix86+x86_64 1.1.1 356.00 80.00 436.00 OK
r-oldrel-macos-x86_64 1.1.1 NOTE
r-oldrel-windows-ix86+x86_64 1.1.1 276.00 113.00 389.00 OK

Check Details

Version: 1.1.1
Check: installed package size
Result: NOTE
     installed size is 6.0Mb
     sub-directories of 1Mb or more:
     libs 5.8Mb
Flavors: r-devel-linux-x86_64-fedora-clang, r-release-macos-arm64, r-release-macos-x86_64, r-oldrel-macos-x86_64