Last updated on 2023-06-06 17:58:44 CEST.
Flavor | Version | Tinstall | Tcheck | Ttotal | Status | Flags |
---|---|---|---|---|---|---|
r-devel-linux-x86_64-debian-clang | 0.73.3 | 3.54 | 39.08 | 42.62 | NOTE | |
r-devel-linux-x86_64-debian-gcc | 0.73.3 | 2.36 | 31.80 | 34.16 | NOTE | |
r-devel-linux-x86_64-fedora-clang | 0.73.3 | 52.85 | NOTE | |||
r-devel-linux-x86_64-fedora-gcc | 0.73.3 | 51.58 | NOTE | |||
r-devel-windows-x86_64 | 0.73.3 | 3.00 | 61.00 | 64.00 | NOTE | |
r-patched-linux-x86_64 | 0.73.3 | 4.05 | 38.12 | 42.17 | NOTE | |
r-release-linux-x86_64 | 0.73.3 | 3.93 | 37.59 | 41.52 | NOTE | |
r-release-macos-arm64 | 0.73.3 | 28.00 | NOTE | |||
r-release-macos-x86_64 | 0.73.3 | 32.00 | NOTE | |||
r-release-windows-x86_64 | 0.73.3 | 4.00 | 62.00 | 66.00 | NOTE | |
r-oldrel-macos-arm64 | 0.73.3 | 24.00 | OK | |||
r-oldrel-macos-x86_64 | 0.73.3 | 30.00 | NOTE | |||
r-oldrel-windows-x86_64 | 0.73.3 | 5.00 | 63.00 | 68.00 | OK |
Version: 0.73.3
Check: Rd files
Result: NOTE
checkRd: (-1) specialchars.Rd:6: Escaped LaTeX specials: \&
Flavors: r-devel-linux-x86_64-debian-clang, r-devel-linux-x86_64-debian-gcc, r-devel-linux-x86_64-fedora-clang, r-devel-linux-x86_64-fedora-gcc, r-devel-windows-x86_64, r-patched-linux-x86_64, r-release-linux-x86_64, r-release-macos-arm64, r-release-macos-x86_64, r-release-windows-x86_64
Version: 0.73.3
Check: data for non-ASCII characters
Result: NOTE
Note: found 143 marked Latin-1 strings
Note: found 833 marked UTF-8 strings
Flavors: r-devel-linux-x86_64-fedora-clang, r-devel-linux-x86_64-fedora-gcc, r-oldrel-macos-x86_64