Last updated on 2023-12-11 12:52:15 CET.
Flavor | Version | Tinstall | Tcheck | Ttotal | Status | Flags |
---|---|---|---|---|---|---|
r-devel-linux-x86_64-debian-clang | 1.1 | 45.74 | 103.02 | 148.76 | NOTE | |
r-devel-linux-x86_64-debian-gcc | 1.1 | 33.69 | 74.26 | 107.95 | NOTE | |
r-devel-linux-x86_64-fedora-clang | 1.1 | 196.38 | OK | |||
r-devel-linux-x86_64-fedora-gcc | 1.1 | 184.44 | OK | |||
r-devel-windows-x86_64 | 1.1 | 39.00 | 113.00 | 152.00 | OK | |
r-patched-linux-x86_64 | 1.1 | 41.65 | 98.31 | 139.96 | OK | |
r-release-linux-x86_64 | 1.1 | 38.85 | 96.63 | 135.48 | OK | |
r-release-macos-arm64 | 1.1 | 57.00 | OK | |||
r-release-macos-x86_64 | 1.1 | 87.00 | OK | |||
r-release-windows-x86_64 | 1.1 | 47.00 | 133.00 | 180.00 | OK | |
r-oldrel-macos-arm64 | 1.1 | 52.00 | OK | |||
r-oldrel-macos-x86_64 | 1.1 | 86.00 | OK | |||
r-oldrel-windows-x86_64 | 1.1 | 45.00 | 128.00 | 173.00 | OK |
Version: 1.1
Check: Rd files
Result: NOTE
checkRd: (-1) plot.int.lsbclust.Rd:112: Lost braces
112 | \code{"rows"} and code{"columns"}.}
| ^
Flavors: r-devel-linux-x86_64-debian-clang, r-devel-linux-x86_64-debian-gcc