CRAN Package Check Results for Package lspline

Last updated on 2023-06-03 17:50:29 CEST.

Flavor Version Tinstall Tcheck Ttotal Status Flags
r-devel-linux-x86_64-debian-clang 1.0-0 1.77 32.03 33.80 NOTE
r-devel-linux-x86_64-debian-gcc 1.0-0 1.53 25.00 26.53 NOTE
r-devel-linux-x86_64-fedora-clang 1.0-0 43.12 NOTE
r-devel-linux-x86_64-fedora-gcc 1.0-0 51.10 NOTE
r-devel-windows-x86_64 1.0-0 4.00 47.00 51.00 NOTE
r-patched-linux-x86_64 1.0-0 NOTE
r-release-linux-x86_64 1.0-0 1.27 30.17 31.44 NOTE
r-release-macos-arm64 1.0-0 25.00 NOTE
r-release-macos-x86_64 1.0-0 35.00 NOTE
r-release-windows-x86_64 1.0-0 4.00 48.00 52.00 NOTE
r-oldrel-macos-arm64 1.0-0 22.00 NOTE
r-oldrel-macos-x86_64 1.0-0 28.00 NOTE
r-oldrel-windows-x86_64 1.0-0 3.00 52.00 55.00 NOTE

Check Details

Version: 1.0-0
Check: LazyData
Result: NOTE
     'LazyData' is specified without a 'data' directory
Flavors: r-devel-linux-x86_64-debian-clang, r-devel-linux-x86_64-debian-gcc, r-devel-linux-x86_64-fedora-clang, r-devel-linux-x86_64-fedora-gcc, r-devel-windows-x86_64, r-patched-linux-x86_64, r-release-linux-x86_64, r-release-macos-arm64, r-release-macos-x86_64, r-release-windows-x86_64, r-oldrel-macos-arm64, r-oldrel-macos-x86_64, r-oldrel-windows-x86_64