CRAN Package Check Results for Package lspline

Last updated on 2024-06-23 00:56:39 CEST.

Flavor Version Tinstall Tcheck Ttotal Status Flags
r-devel-linux-x86_64-debian-clang 1.0-0 1.31 34.55 35.86 NOTE
r-devel-linux-x86_64-debian-gcc 1.0-0 1.65 26.42 28.07 NOTE
r-devel-linux-x86_64-fedora-clang 1.0-0 47.05 NOTE
r-devel-linux-x86_64-fedora-gcc 1.0-0 57.63 NOTE
r-devel-windows-x86_64 1.0-0 3.00 50.00 53.00 NOTE
r-patched-linux-x86_64 1.0-0 1.72 31.76 33.48 NOTE
r-release-linux-x86_64 1.0-0 2.13 32.62 34.75 NOTE
r-release-macos-arm64 1.0-0 24.00 NOTE
r-release-macos-x86_64 1.0-0 34.00 NOTE
r-release-windows-x86_64 1.0-0 3.00 47.00 50.00 NOTE
r-oldrel-macos-arm64 1.0-0 25.00 NOTE
r-oldrel-macos-x86_64 1.0-0 35.00 NOTE
r-oldrel-windows-x86_64 1.0-0 3.00 49.00 52.00 NOTE

Check Details

Version: 1.0-0
Check: LazyData
Result: NOTE 'LazyData' is specified without a 'data' directory Flavors: r-devel-linux-x86_64-debian-clang, r-devel-linux-x86_64-debian-gcc, r-devel-linux-x86_64-fedora-clang, r-devel-linux-x86_64-fedora-gcc, r-devel-windows-x86_64, r-patched-linux-x86_64, r-release-linux-x86_64, r-release-macos-arm64, r-release-macos-x86_64, r-release-windows-x86_64, r-oldrel-macos-arm64, r-oldrel-macos-x86_64, r-oldrel-windows-x86_64