Last updated on 2023-06-06 01:03:32 CEST.
Flavor | Version | Tinstall | Tcheck | Ttotal | Status | Flags |
---|---|---|---|---|---|---|
r-devel-linux-x86_64-debian-clang | 1.4.6 | 6.31 | 32.22 | 38.53 | OK | |
r-devel-linux-x86_64-debian-gcc | 1.4.6 | 4.52 | 24.65 | 29.17 | OK | |
r-devel-linux-x86_64-fedora-clang | 1.4.6 | 47.95 | NOTE | |||
r-devel-linux-x86_64-fedora-gcc | 1.4.6 | 45.36 | NOTE | |||
r-devel-windows-x86_64 | 1.4.6 | 10.00 | 56.00 | 66.00 | OK | |
r-patched-linux-x86_64 | 1.4.6 | 6.07 | 30.76 | 36.83 | OK | |
r-release-linux-x86_64 | 1.4.6 | 4.93 | 30.87 | 35.80 | OK | |
r-release-macos-arm64 | 1.4.6 | 19.00 | OK | |||
r-release-macos-x86_64 | 1.4.6 | 29.00 | OK | |||
r-release-windows-x86_64 | 1.4.6 | 10.00 | 56.00 | 66.00 | OK | |
r-oldrel-macos-arm64 | 1.4.6 | 20.00 | OK | |||
r-oldrel-macos-x86_64 | 1.4.6 | 28.00 | OK | |||
r-oldrel-windows-x86_64 | 1.4.6 | 16.00 | 66.00 | 82.00 | OK |
Version: 1.4.6
Check: compiled code
Result: NOTE
File ‘ltsa/libs/ltsa.so’:
Found no calls to: ‘R_registerRoutines’, ‘R_useDynamicSymbols’
It is good practice to register native routines and to disable symbol
search.
See ‘Writing portable packages’ in the ‘Writing R Extensions’ manual.
Flavors: r-devel-linux-x86_64-fedora-clang, r-devel-linux-x86_64-fedora-gcc