Last updated on 2023-03-22 05:52:30 CET.
Flavor | Version | Tinstall | Tcheck | Ttotal | Status | Flags |
---|---|---|---|---|---|---|
r-devel-linux-x86_64-debian-clang | 0.2.0 | 107.81 | 137.96 | 245.77 | NOTE | |
r-devel-linux-x86_64-debian-gcc | 0.2.0 | 80.99 | 108.76 | 189.75 | NOTE | |
r-devel-linux-x86_64-fedora-clang | 0.2.0 | 349.90 | NOTE | |||
r-devel-linux-x86_64-fedora-gcc | 0.2.0 | 320.09 | NOTE | |||
r-patched-linux-x86_64 | 0.2.0 | 93.51 | 134.59 | 228.10 | OK | |
r-release-linux-x86_64 | 0.2.0 | 79.72 | 133.98 | 213.70 | OK | |
r-release-macos-arm64 | 0.2.0 | 75.00 | NOTE | |||
r-release-macos-x86_64 | 0.2.0 | 109.00 | NOTE | |||
r-release-windows-x86_64 | 0.2.0 | 82.00 | 177.00 | 259.00 | OK | |
r-oldrel-macos-arm64 | 0.2.0 | 77.00 | NOTE | |||
r-oldrel-macos-x86_64 | 0.2.0 | 111.00 | NOTE | |||
r-oldrel-windows-ix86+x86_64 | 0.2.0 | 242.00 | 209.00 | 451.00 | OK |
Version: 0.2.0
Check: C++ specification
Result: NOTE
Specified C++11: please drop specification unless essential
Flavors: r-devel-linux-x86_64-debian-clang, r-devel-linux-x86_64-debian-gcc, r-devel-linux-x86_64-fedora-clang, r-devel-linux-x86_64-fedora-gcc
Version: 0.2.0
Check: installed package size
Result: NOTE
installed size is 6.2Mb
sub-directories of 1Mb or more:
data 2.1Mb
libs 3.9Mb
Flavors: r-release-macos-arm64, r-release-macos-x86_64, r-oldrel-macos-arm64, r-oldrel-macos-x86_64