CRAN Package Check Results for Package m2r

Last updated on 2024-02-28 17:48:31 CET.

Flavor Version Tinstall Tcheck Ttotal Status Flags
r-devel-linux-x86_64-debian-clang 1.0.2 35.46 77.63 113.09 NOTE
r-devel-linux-x86_64-debian-gcc 1.0.2 28.63 59.50 88.13 NOTE
r-devel-linux-x86_64-fedora-clang 1.0.2 158.78 NOTE
r-devel-linux-x86_64-fedora-gcc 1.0.2 162.74 NOTE
r-devel-windows-x86_64 1.0.2 29.00 94.00 123.00 NOTE
r-patched-linux-x86_64 1.0.2 35.03 76.29 111.32 NOTE
r-release-linux-x86_64 1.0.2 23.98 74.76 98.74 NOTE
r-release-macos-arm64 1.0.2 50.00 NOTE
r-release-macos-x86_64 1.0.2 79.00 NOTE
r-release-windows-x86_64 1.0.2 38.00 115.00 153.00 NOTE
r-oldrel-macos-arm64 1.0.2 39.00 NOTE
r-oldrel-windows-x86_64 1.0.2 36.00 108.00 144.00 NOTE

Check Details

Version: 1.0.2
Check: LazyData
Result: NOTE 'LazyData' is specified without a 'data' directory Flavors: r-devel-linux-x86_64-debian-clang, r-devel-linux-x86_64-debian-gcc, r-devel-linux-x86_64-fedora-clang, r-devel-linux-x86_64-fedora-gcc, r-devel-windows-x86_64, r-patched-linux-x86_64, r-release-linux-x86_64, r-release-macos-arm64, r-release-macos-x86_64, r-release-windows-x86_64, r-oldrel-macos-arm64, r-oldrel-windows-x86_64