CRAN Package Check Results for Package m2r

Last updated on 2023-03-30 13:51:45 CEST.

Flavor Version Tinstall Tcheck Ttotal Status Flags
r-devel-linux-x86_64-debian-clang 1.0.2 35.02 77.05 112.07 NOTE
r-devel-linux-x86_64-debian-gcc 1.0.2 25.38 57.09 82.47 NOTE
r-devel-linux-x86_64-fedora-clang 1.0.2 150.71 NOTE
r-devel-linux-x86_64-fedora-gcc 1.0.2 153.07 NOTE
r-devel-windows-x86_64 1.0.2 68.00 0.00 68.00 NOTE
r-patched-linux-x86_64 1.0.2 27.68 71.44 99.12 NOTE
r-release-linux-x86_64 1.0.2 24.69 72.41 97.10 NOTE
r-release-macos-arm64 1.0.2 39.00 NOTE
r-release-macos-x86_64 1.0.2 74.00 NOTE
r-release-windows-x86_64 1.0.2 70.00 127.00 197.00 NOTE
r-oldrel-macos-arm64 1.0.2 48.00 NOTE
r-oldrel-macos-x86_64 1.0.2 67.00 NOTE
r-oldrel-windows-ix86+x86_64 1.0.2 77.00 139.00 216.00 NOTE

Check Details

Version: 1.0.2
Check: LazyData
Result: NOTE
     'LazyData' is specified without a 'data' directory
Flavors: r-devel-linux-x86_64-debian-clang, r-devel-linux-x86_64-debian-gcc, r-devel-linux-x86_64-fedora-clang, r-devel-linux-x86_64-fedora-gcc, r-devel-windows-x86_64, r-patched-linux-x86_64, r-release-linux-x86_64, r-release-macos-arm64, r-release-macos-x86_64, r-release-windows-x86_64, r-oldrel-macos-arm64, r-oldrel-macos-x86_64, r-oldrel-windows-ix86+x86_64