Last updated on 2023-03-24 11:55:55 CET.
Flavor | Version | Tinstall | Tcheck | Ttotal | Status | Flags |
---|---|---|---|---|---|---|
r-devel-linux-x86_64-fedora-clang | 4.0 | 67.72 | OK | |||
r-devel-linux-x86_64-fedora-gcc | 4.0 | 66.15 | OK | |||
r-release-macos-arm64 | 4.0 | 34.00 | NOTE | |||
r-release-macos-x86_64 | 4.0 | 49.00 | NOTE | |||
r-release-windows-x86_64 | 4.0 | 9.00 | 80.00 | 89.00 | OK | |
r-oldrel-macos-arm64 | 4.0 | 32.00 | OK | |||
r-oldrel-macos-x86_64 | 4.0 | 40.00 | NOTE | |||
r-oldrel-windows-ix86+x86_64 | 4.0 | 12.00 | 77.00 | 89.00 | OK |
Version: 4.0
Check: package dependencies
Result: NOTE
Packages suggested but not available for checking:
'ssize', 'pdInfoBuilder', 'lumi', 'oligo'
Flavor: r-release-macos-arm64
Version: 4.0
Check: package dependencies
Result: NOTE
Package suggested but not available for checking: ‘ssize’
Flavors: r-release-macos-x86_64, r-oldrel-macos-x86_64