CRAN Package Check Results for Package maSAE

Last updated on 2020-08-05 11:47:43 CEST.

Flavor Version Tinstall Tcheck Ttotal Status Flags
r-devel-linux-x86_64-debian-clang 2.0.1 4.70 233.59 238.29 OK
r-devel-linux-x86_64-debian-gcc 2.0.1 3.43 165.76 169.19 OK
r-devel-linux-x86_64-fedora-clang 2.0.1 274.74 NOTE
r-devel-linux-x86_64-fedora-gcc 2.0.1 267.43 OK
r-devel-windows-ix86+x86_64 2.0.1 10.00 241.00 251.00 OK
r-patched-linux-x86_64 2.0.1 4.33 225.38 229.71 OK
r-patched-solaris-x86 2.0.1 334.10 OK
r-release-linux-x86_64 2.0.1 3.76 227.07 230.83 OK
r-release-macos-x86_64 2.0.1 OK
r-release-windows-ix86+x86_64 2.0.1 12.00 299.00 311.00 OK
r-oldrel-macos-x86_64 2.0.1 OK
r-oldrel-windows-ix86+x86_64 2.0.1 6.00 203.00 209.00 OK

Check Details

Version: 2.0.1
Check: Rd cross-references
Result: NOTE
    Undeclared packages ‘sae’, ‘rsae’, ‘JoSAE’ in Rd xrefs
Flavor: r-devel-linux-x86_64-fedora-clang