CRAN Package Check Results for Package maboost

Last updated on 2021-07-31 23:50:28 CEST.

Flavor Version Tinstall Tcheck Ttotal Status Flags
r-devel-linux-x86_64-debian-clang 1.0-0 8.91 69.67 78.58 NOTE
r-devel-linux-x86_64-debian-gcc 1.0-0 7.29 53.48 60.77 NOTE
r-devel-linux-x86_64-fedora-clang 1.0-0 103.76 NOTE
r-devel-linux-x86_64-fedora-gcc 1.0-0 92.04 NOTE
r-devel-windows-x86_64 1.0-0 8.00 86.00 94.00 NOTE
r-devel-windows-x86_64-gcc10-UCRT 1.0-0 NOTE
r-patched-linux-x86_64 1.0-0 NOTE
r-patched-solaris-x86 1.0-0 139.90 NOTE
r-release-linux-x86_64 1.0-0 8.45 67.30 75.75 NOTE
r-release-macos-arm64 1.0-0 NOTE
r-release-macos-x86_64 1.0-0 NOTE
r-release-windows-ix86+x86_64 1.0-0 19.00 65.00 84.00 NOTE
r-oldrel-macos-x86_64 1.0-0 NOTE
r-oldrel-windows-ix86+x86_64 1.0-0 15.00 88.00 103.00 NOTE

Check Details

Version: 1.0-0
Check: DESCRIPTION meta-information
Result: NOTE
    Malformed Description field: should contain one or more complete sentences.
Flavors: r-devel-linux-x86_64-debian-clang, r-devel-linux-x86_64-debian-gcc, r-devel-linux-x86_64-fedora-clang, r-devel-linux-x86_64-fedora-gcc, r-devel-windows-x86_64, r-devel-windows-x86_64-gcc10-UCRT, r-patched-linux-x86_64, r-patched-solaris-x86, r-release-linux-x86_64, r-release-macos-arm64, r-release-macos-x86_64, r-release-windows-ix86+x86_64, r-oldrel-macos-x86_64, r-oldrel-windows-ix86+x86_64

Version: 1.0-0
Check: R code for possible problems
Result: NOTE
    maboost.default: no visible global function definition for
     'flush.console'
    maboost.default: no visible binding for global variable 'na.pass'
    maboost.default : predict.type: no visible global function definition
     for 'predict'
    maboost.formula: no visible global function definition for
     'model.extract'
    maboost.machine.bin: no visible global function definition for 'runif'
    maboost.machine.bin: no visible binding for global variable 'na.pass'
    maboost.machine.multi: no visible global function definition for
     'runif'
    maboost.machine.multi: no visible binding for global variable 'na.pass'
    projsplx_k: no visible global function definition for 'tail'
    varplot.maboost: no visible global function definition for 'dotchart'
    Undefined global functions or variables:
     dotchart flush.console model.extract na.pass predict runif tail
    Consider adding
     importFrom("graphics", "dotchart")
     importFrom("stats", "model.extract", "na.pass", "predict", "runif")
     importFrom("utils", "flush.console", "tail")
    to your NAMESPACE file.
Flavors: r-devel-linux-x86_64-debian-clang, r-devel-linux-x86_64-debian-gcc, r-devel-linux-x86_64-fedora-clang, r-devel-linux-x86_64-fedora-gcc, r-devel-windows-x86_64, r-devel-windows-x86_64-gcc10-UCRT, r-patched-linux-x86_64, r-patched-solaris-x86, r-release-linux-x86_64, r-release-macos-arm64, r-release-macos-x86_64, r-release-windows-ix86+x86_64, r-oldrel-macos-x86_64, r-oldrel-windows-ix86+x86_64