CRAN Package Check Results for Package maczic

Last updated on 2022-10-07 05:52:00 CEST.

Flavor Version Tinstall Tcheck Ttotal Status Flags
r-devel-linux-x86_64-debian-clang 0.2.0 22.84 179.60 202.44 OK
r-devel-linux-x86_64-debian-gcc 0.2.0 19.98 138.60 158.58 OK
r-devel-linux-x86_64-fedora-clang 0.2.0 259.38 NOTE
r-devel-linux-x86_64-fedora-gcc 0.2.0 249.30 NOTE
r-devel-windows-x86_64 0.2.0 28.00 202.00 230.00 OK
r-patched-linux-x86_64 0.2.0 26.38 171.21 197.59 OK
r-release-linux-x86_64 0.2.0 16.22 170.43 186.65 OK
r-release-macos-arm64 0.2.0 68.00 NOTE
r-release-macos-x86_64 0.2.0 114.00 NOTE
r-release-windows-x86_64 0.2.0 29.00 188.00 217.00 OK
r-oldrel-macos-arm64 0.2.0 60.00 NOTE
r-oldrel-macos-x86_64 0.2.0 130.00 NOTE
r-oldrel-windows-ix86+x86_64 0.2.0 49.00 185.00 234.00 OK

Check Details

Version: 0.2.0
Check: dependencies in R code
Result: NOTE
    Namespace in Imports field not imported from: ‘mathjaxr’
     All declared Imports should be used.
Flavors: r-devel-linux-x86_64-fedora-clang, r-devel-linux-x86_64-fedora-gcc, r-release-macos-arm64, r-release-macos-x86_64, r-oldrel-macos-arm64, r-oldrel-macos-x86_64