CRAN Package Check Results for Package mada

Last updated on 2024-07-23 23:48:14 CEST.

Flavor Version Tinstall Tcheck Ttotal Status Flags
r-devel-linux-x86_64-debian-clang 0.5.11 10.33 115.93 126.26 NOTE
r-devel-linux-x86_64-debian-gcc 0.5.11 10.50 86.70 97.20 NOTE
r-devel-linux-x86_64-fedora-clang 0.5.11 159.79 NOTE
r-devel-linux-x86_64-fedora-gcc 0.5.11 163.21 NOTE
r-devel-windows-x86_64 0.5.11 12.00 126.00 138.00 NOTE
r-patched-linux-x86_64 0.5.11 12.87 107.93 120.80 NOTE
r-release-linux-x86_64 0.5.11 11.72 109.00 120.72 NOTE
r-release-macos-arm64 0.5.11 52.00 NOTE
r-release-macos-x86_64 0.5.11 80.00 NOTE
r-release-windows-x86_64 0.5.11 11.00 124.00 135.00 NOTE
r-oldrel-macos-arm64 0.5.11 62.00 OK
r-oldrel-macos-x86_64 0.5.11 98.00 OK
r-oldrel-windows-x86_64 0.5.11 15.00 142.00 157.00 OK

Check Details

Version: 0.5.11
Check: Rd files
Result: NOTE checkRd: (-1) mada-data.Rd:45: Lost braces 45 | Kriston, L., H{\"o}elzel, L., Weiser, A., Berner, M., & Haerter, M. (2008).\dQuote{ Meta-analysis: Are 3 | ^ Flavors: r-devel-linux-x86_64-debian-clang, r-devel-linux-x86_64-debian-gcc, r-devel-linux-x86_64-fedora-clang, r-devel-linux-x86_64-fedora-gcc, r-devel-windows-x86_64, r-patched-linux-x86_64, r-release-linux-x86_64, r-release-macos-arm64, r-release-macos-x86_64, r-release-windows-x86_64

Version: 0.5.11
Check: Rd cross-references
Result: NOTE Found the following Rd file(s) with Rd \link{} targets missing package anchors: SummaryPts.Rd: rmvnorm Please provide package anchors for all Rd \link{} targets not in the package itself and the base packages. Flavors: r-devel-linux-x86_64-debian-gcc, r-devel-windows-x86_64