Last updated on 2024-08-16 11:49:44 CEST.
Flavor | Version | Tinstall | Tcheck | Ttotal | Status | Flags |
---|---|---|---|---|---|---|
r-devel-linux-x86_64-debian-clang | 0.2.8 | 16.77 | 101.81 | 118.58 | OK | |
r-devel-linux-x86_64-debian-gcc | 0.2.8 | 12.79 | 74.34 | 87.13 | OK | |
r-devel-linux-x86_64-fedora-clang | 0.2.8 | 189.18 | OK | |||
r-devel-linux-x86_64-fedora-gcc | 0.2.8 | 191.22 | OK | |||
r-devel-windows-x86_64 | 0.2.8 | 17.00 | 137.00 | 154.00 | OK | |
r-patched-linux-x86_64 | 0.2.8 | 16.15 | 96.03 | 112.18 | OK | |
r-release-linux-x86_64 | 0.2.8 | 17.29 | 97.14 | 114.43 | OK | |
r-release-macos-arm64 | 0.2.8 | 66.00 | OK | |||
r-release-macos-x86_64 | 0.2.8 | 104.00 | WARN | |||
r-release-windows-x86_64 | 0.2.8 | 17.00 | 141.00 | 158.00 | OK | |
r-oldrel-macos-arm64 | 0.2.8 | 73.00 | OK | |||
r-oldrel-macos-x86_64 | 0.2.8 | 170.00 | OK | |||
r-oldrel-windows-x86_64 | 0.2.8 | 24.00 | 156.00 | 180.00 | OK |
Version: 0.2.8
Check: re-building of vignette outputs
Result: WARN
Error(s) in re-building vignettes:
...
--- re-building ‘introducing_madness.Rnw’ using knitr
Error: processing vignette 'introducing_madness.Rnw' failed with diagnostics:
Running 'texi2dvi' on 'introducing_madness.tex' failed.
LaTeX errors:
! Undefined control sequence.
l.1526 \hlkwd{require}\hldef
{(madness)}
?
! Emergency stop.
! Emergency stop.
l.1526
End of file on the terminal!
! ==> Fatal error occurred, no output PDF file produced!
--- failed re-building ‘introducing_madness.Rnw’
SUMMARY: processing the following file failed:
‘introducing_madness.Rnw’
Error: Vignette re-building failed.
Execution halted
Flavor: r-release-macos-x86_64