Last updated on 2023-03-24 11:55:55 CET.
Flavor | Version | Tinstall | Tcheck | Ttotal | Status | Flags |
---|---|---|---|---|---|---|
r-devel-linux-x86_64-debian-clang | 6.0.9 | 11.58 | 152.51 | 164.09 | NOTE | |
r-devel-linux-x86_64-debian-gcc | 6.0.9 | 7.68 | 109.96 | 117.64 | NOTE | |
r-devel-linux-x86_64-fedora-clang | 6.0.9 | 208.92 | NOTE | |||
r-devel-linux-x86_64-fedora-gcc | 6.0.9 | 205.36 | NOTE | |||
r-patched-linux-x86_64 | 6.0.9 | 13.30 | 142.41 | 155.71 | OK | |
r-release-linux-x86_64 | 6.0.9 | 10.00 | 146.19 | 156.19 | OK | |
r-release-macos-arm64 | 6.0.9 | 47.00 | NOTE | |||
r-release-macos-x86_64 | 6.0.9 | 71.00 | NOTE | |||
r-release-windows-x86_64 | 6.0.9 | 87.00 | 213.00 | 300.00 | OK | |
r-oldrel-macos-arm64 | 6.0.9 | 48.00 | NOTE | |||
r-oldrel-macos-x86_64 | 6.0.9 | 63.00 | NOTE | |||
r-oldrel-windows-ix86+x86_64 | 6.0.9 | 22.00 | 296.00 | 318.00 | WARN |
Version: 6.0.9
Check: Rd files
Result: NOTE
checkRd: (-1) read.magpie.Rd:20: Escaped LaTeX specials: \_ \_
checkRd: (-1) read.magpie.Rd:23: Escaped LaTeX specials: \_
checkRd: (-1) read.magpie.Rd:35: Escaped LaTeX specials: \_
checkRd: (-1) read.magpie.Rd:36: Escaped LaTeX specials: \_
checkRd: (-1) read.magpie.Rd:65: Escaped LaTeX specials: \_
checkRd: (-1) write.magpie.Rd:24: Escaped LaTeX specials: \_ \_
checkRd: (-1) write.magpie.Rd:27: Escaped LaTeX specials: \_
checkRd: (-1) write.magpie.Rd:39: Escaped LaTeX specials: \_
checkRd: (-1) write.magpie.Rd:40: Escaped LaTeX specials: \_
checkRd: (-1) write.magpie.Rd:42: Escaped LaTeX specials: \_
checkRd: (-1) write.magpie.Rd:43: Escaped LaTeX specials: \_
checkRd: (-1) write.magpie.Rd:70: Escaped LaTeX specials: \_
Flavors: r-devel-linux-x86_64-debian-clang, r-devel-linux-x86_64-debian-gcc, r-devel-linux-x86_64-fedora-clang, r-devel-linux-x86_64-fedora-gcc
Version: 6.0.9
Check: dependencies in R code
Result: NOTE
Namespaces in Imports field not imported from:
‘maptools’ ‘sp’
All declared Imports should be used.
Flavors: r-devel-linux-x86_64-fedora-clang, r-devel-linux-x86_64-fedora-gcc, r-release-macos-arm64, r-release-macos-x86_64, r-oldrel-macos-arm64, r-oldrel-macos-x86_64
Version: 6.0.9
Check: for unstated dependencies in ‘tests’
Result: WARN
Warning: unable to access index for repository https://bioconductor.org/packages/3.14/bioc/src/contrib:
cannot open URL 'https://bioconductor.org/packages/3.14/bioc/src/contrib/PACKAGES'
Warning: unable to access index for repository https://bioconductor.org/packages/3.14/data/annotation/src/contrib:
cannot open URL 'https://bioconductor.org/packages/3.14/data/annotation/src/contrib/PACKAGES'
Warning: unable to access index for repository https://bioconductor.org/packages/3.14/data/experiment/src/contrib:
cannot open URL 'https://bioconductor.org/packages/3.14/data/experiment/src/contrib/PACKAGES'
Flavor: r-oldrel-windows-ix86+x86_64