CRAN Package Check Results for Package magick

Last updated on 2019-05-22 11:51:46 CEST.

Flavor Version Tinstall Tcheck Ttotal Status Flags
r-devel-linux-x86_64-debian-clang 2.0 115.55 148.05 263.60 OK
r-devel-linux-x86_64-debian-gcc 2.0 90.60 118.28 208.88 OK
r-devel-linux-x86_64-fedora-clang 2.0 467.71 NOTE
r-devel-linux-x86_64-fedora-gcc 2.0 411.28 OK
r-devel-windows-ix86+x86_64 2.0 638.00 406.00 1044.00 NOTE
r-patched-linux-x86_64 2.0 109.45 140.48 249.93 OK
r-patched-solaris-x86 2.0 ERROR
r-release-linux-x86_64 2.0 108.47 137.39 245.86 OK
r-release-windows-ix86+x86_64 2.0 881.00 419.00 1300.00 NOTE
r-release-osx-x86_64 2.0 NOTE
r-oldrel-windows-ix86+x86_64 2.0 288.00 308.00 596.00 NOTE
r-oldrel-osx-x86_64 2.0 NOTE

Check Details

Version: 2.0
Check: installed package size
Result: NOTE
     installed size is 12.6Mb
     sub-directories of 1Mb or more:
     doc 6.8Mb
     libs 5.4Mb
Flavors: r-devel-linux-x86_64-fedora-clang, r-devel-windows-ix86+x86_64, r-release-windows-ix86+x86_64, r-release-osx-x86_64, r-oldrel-windows-ix86+x86_64, r-oldrel-osx-x86_64

Version: 2.0
Check: package dependencies
Result: NOTE
    Packages suggested but not available for checking:
     'av', 'rsvg', 'tesseract', 'gifski'
Flavor: r-patched-solaris-x86

Version: 2.0
Check: whether package can be installed
Result: ERROR
    Installation failed.
Flavor: r-patched-solaris-x86