Last updated on 2023-10-01 17:56:29 CEST.
Flavor | Version | Tinstall | Tcheck | Ttotal | Status | Flags |
---|---|---|---|---|---|---|
r-devel-linux-x86_64-debian-clang | 1.0.2 | 3.24 | 79.72 | 82.96 | OK | |
r-devel-linux-x86_64-debian-gcc | 1.0.2 | 2.10 | 59.91 | 62.01 | OK | |
r-devel-linux-x86_64-fedora-clang | 1.0.2 | 100.72 | OK | |||
r-devel-linux-x86_64-fedora-gcc | 1.0.2 | 118.58 | OK | |||
r-devel-windows-x86_64 | 1.0.2 | 4.00 | 82.00 | 86.00 | OK | |
r-patched-linux-x86_64 | 1.0.2 | 3.74 | 75.68 | 79.42 | OK | |
r-release-linux-x86_64 | 1.0.2 | 2.84 | 75.94 | 78.78 | OK | |
r-release-macos-arm64 | 1.0.2 | 37.00 | NOTE | |||
r-release-macos-x86_64 | 1.0.2 | 56.00 | NOTE | |||
r-release-windows-x86_64 | 1.0.2 | 5.00 | 95.00 | 100.00 | OK | |
r-oldrel-macos-arm64 | 1.0.2 | 37.00 | OK | |||
r-oldrel-macos-x86_64 | 1.0.2 | 40.00 | NOTE | |||
r-oldrel-windows-x86_64 | 1.0.2 | 5.00 | 98.00 | 103.00 | OK |
Version: 1.0.2
Check: package dependencies
Result: NOTE
Package suggested but not available for checking: ‘dittoSeq’
Flavors: r-release-macos-arm64, r-release-macos-x86_64, r-oldrel-macos-x86_64