CRAN Package Check Results for Package maic

Last updated on 2022-11-27 11:55:52 CET.

Flavor Version Tinstall Tcheck Ttotal Status Flags
r-devel-linux-x86_64-debian-clang 0.1.4 3.43 43.75 47.18 NOTE
r-devel-linux-x86_64-debian-gcc 0.1.4 2.51 33.30 35.81 NOTE
r-devel-linux-x86_64-fedora-clang 0.1.4 68.21 NOTE
r-devel-linux-x86_64-fedora-gcc 0.1.4 66.05 NOTE
r-devel-windows-x86_64 0.1.4 13.00 76.00 89.00 NOTE
r-patched-linux-x86_64 0.1.4 8.54 41.35 49.89 OK
r-release-linux-x86_64 0.1.4 2.57 41.46 44.03 OK
r-release-macos-arm64 0.1.4 23.00 OK
r-release-macos-x86_64 0.1.4 30.00 OK
r-release-windows-x86_64 0.1.4 10.00 74.00 84.00 OK
r-oldrel-macos-arm64 0.1.4 23.00 OK
r-oldrel-macos-x86_64 0.1.4 31.00 OK
r-oldrel-windows-ix86+x86_64 0.1.4 8.00 67.00 75.00 OK

Check Details

Version: 0.1.4
Check: package subdirectories
Result: NOTE
    Problems with news in 'NEWS.md':
    No news entries found.
Flavors: r-devel-linux-x86_64-debian-clang, r-devel-linux-x86_64-debian-gcc, r-devel-linux-x86_64-fedora-clang, r-devel-linux-x86_64-fedora-gcc, r-devel-windows-x86_64