CRAN Package Check Results for Package maic

Last updated on 2025-02-01 11:49:30 CET.

Flavor Version Tinstall Tcheck Ttotal Status Flags
r-devel-linux-x86_64-debian-clang 0.1.4 2.72 33.15 35.87 NOTE
r-devel-linux-x86_64-debian-gcc 0.1.4 1.91 24.47 26.38 NOTE
r-devel-linux-x86_64-fedora-clang 0.1.4 61.00 NOTE
r-devel-linux-x86_64-fedora-gcc 0.1.4 52.37 NOTE
r-devel-windows-x86_64 0.1.4 4.00 56.00 60.00 NOTE
r-patched-linux-x86_64 0.1.4 8.51 31.42 39.93 NOTE
r-release-linux-x86_64 0.1.4 2.56 31.50 34.06 NOTE
r-release-macos-arm64 0.1.4 24.00 NOTE
r-release-macos-x86_64 0.1.4 32.00 NOTE
r-release-windows-x86_64 0.1.4 5.00 56.00 61.00 NOTE
r-oldrel-macos-arm64 0.1.4 24.00 NOTE
r-oldrel-macos-x86_64 0.1.4 31.00 NOTE
r-oldrel-windows-x86_64 0.1.4 5.00 62.00 67.00 NOTE

Check Details

Version: 0.1.4
Check: package subdirectories
Result: NOTE Problems with news in ‘NEWS.md’: No news entries found. Flavors: r-devel-linux-x86_64-debian-clang, r-devel-linux-x86_64-debian-gcc, r-devel-linux-x86_64-fedora-clang, r-devel-linux-x86_64-fedora-gcc, r-devel-windows-x86_64, r-patched-linux-x86_64, r-release-linux-x86_64, r-release-macos-arm64, r-release-macos-x86_64, r-release-windows-x86_64, r-oldrel-macos-arm64, r-oldrel-macos-x86_64, r-oldrel-windows-x86_64

Version: 0.1.4
Check: Rd cross-references
Result: NOTE Found the following Rd file(s) with Rd \link{} targets missing package anchors: reportCovariates.Rd: wtd.var Please provide package anchors for all Rd \link{} targets not in the package itself and the base packages. Flavors: r-devel-linux-x86_64-debian-clang, r-devel-linux-x86_64-debian-gcc, r-devel-windows-x86_64