CRAN Package Check Results for Package malariaAtlas

Last updated on 2019-10-10 05:47:39 CEST.

Flavor Version Tinstall Tcheck Ttotal Status Flags
r-devel-linux-x86_64-debian-clang 0.0.4 6.74 104.80 111.54 OK
r-devel-linux-x86_64-debian-gcc 0.0.4 4.89 78.67 83.56 OK
r-devel-linux-x86_64-fedora-clang 0.0.4 129.64 NOTE
r-devel-linux-x86_64-fedora-gcc 0.0.4 124.64 NOTE
r-devel-windows-ix86+x86_64 0.0.4 15.00 215.00 230.00 OK
r-patched-linux-x86_64 0.0.4 6.33 100.59 106.92 OK
r-patched-solaris-x86 0.0.4 188.70 NOTE
r-release-linux-x86_64 0.0.4 5.84 101.43 107.27 OK
r-release-windows-ix86+x86_64 0.0.4 20.00 156.00 176.00 OK
r-release-osx-x86_64 0.0.4 NOTE
r-oldrel-windows-ix86+x86_64 0.0.4 9.00 157.00 166.00 OK
r-oldrel-osx-x86_64 0.0.4 NOTE

Check Details

Version: 0.0.4
Check: dependencies in R code
Result: NOTE
    Namespace in Imports field not imported from: ‘grid’
     All declared Imports should be used.
Flavors: r-devel-linux-x86_64-fedora-clang, r-devel-linux-x86_64-fedora-gcc, r-patched-solaris-x86, r-release-osx-x86_64, r-oldrel-osx-x86_64

Version: 0.0.4
Check: foreign function calls
Result: NOTE
    Warning in find_bad_exprs(exprs[[i]]) :
     it is not known that wchar_t is Unicode on this platform
    Warning in find_bad_exprs(exprs[[i]]) :
     it is not known that wchar_t is Unicode on this platform
    Warning in find_bad_exprs(exprs[[i]]) :
     it is not known that wchar_t is Unicode on this platform
    Warning in find_bad_exprs(exprs[[i]]) :
     it is not known that wchar_t is Unicode on this platform
    See chapter ‘System and foreign language interfaces’ in the ‘Writing R
    Extensions’ manual.
Flavor: r-patched-solaris-x86