CRAN Package Check Results for Package mand

Last updated on 2021-09-23 23:50:11 CEST.

Flavor Version Tinstall Tcheck Ttotal Status Flags
r-devel-linux-x86_64-debian-clang 1.0 17.87 217.57 235.44 OK
r-devel-linux-x86_64-debian-gcc 1.0 14.38 157.47 171.85 OK
r-devel-linux-x86_64-fedora-clang 1.0 285.99 NOTE
r-devel-linux-x86_64-fedora-gcc 1.0 273.79 OK
r-devel-windows-x86_64 1.0 19.00 210.00 229.00 NOTE
r-devel-windows-x86_64-gcc10-UCRT 1.0 OK
r-patched-linux-x86_64 1.0 16.72 213.02 229.74 OK
r-patched-solaris-x86 1.0 286.90 NOTE
r-release-linux-x86_64 1.0 16.54 217.35 233.89 OK
r-release-macos-arm64 1.0 NOTE
r-release-macos-x86_64 1.0 NOTE
r-release-windows-ix86+x86_64 1.0 39.00 200.00 239.00 NOTE
r-oldrel-macos-x86_64 1.0 NOTE
r-oldrel-windows-ix86+x86_64 1.0 32.00 210.00 242.00 NOTE

Check Details

Version: 1.0
Check: installed package size
Result: NOTE
     installed size is 7.2Mb
     sub-directories of 1Mb or more:
     doc 6.7Mb
Flavors: r-devel-linux-x86_64-fedora-clang, r-devel-windows-x86_64, r-patched-solaris-x86, r-release-macos-arm64, r-release-macos-x86_64, r-release-windows-ix86+x86_64, r-oldrel-macos-x86_64, r-oldrel-windows-ix86+x86_64