CRAN Package Check Results for Package manipulateWidget

Last updated on 2025-04-19 17:49:25 CEST.

Flavor Version Tinstall Tcheck Ttotal Status Flags
r-devel-linux-x86_64-debian-clang 0.11.1 6.86 57.18 64.04 NOTE
r-devel-linux-x86_64-debian-gcc 0.11.1 4.93 42.79 47.72 NOTE
r-devel-linux-x86_64-fedora-clang 0.11.1 109.50 NOTE
r-devel-linux-x86_64-fedora-gcc 0.11.1 131.00 NOTE
r-devel-windows-x86_64 0.11.1 9.00 151.00 160.00 NOTE
r-patched-linux-x86_64 0.11.1 7.27 55.22 62.49 NOTE
r-release-linux-x86_64 0.11.1 5.96 55.75 61.71 NOTE
r-release-macos-arm64 0.11.1 74.00 NOTE
r-release-macos-x86_64 0.11.1 123.00 NOTE
r-release-windows-x86_64 0.11.1 10.00 120.00 130.00 NOTE
r-oldrel-macos-arm64 0.11.1 46.00 NOTE
r-oldrel-macos-x86_64 0.11.1 69.00 NOTE
r-oldrel-windows-x86_64 0.11.1 11.00 98.00 109.00 NOTE

Check Details

Version: 0.11.1
Check: Rd files
Result: NOTE checkRd: (-1) manipulateWidget.Rd:113-117: Lost braces in \itemize; meant \describe ? checkRd: (-1) manipulateWidget.Rd:118-120: Lost braces in \itemize; meant \describe ? checkRd: (-1) manipulateWidget.Rd:121-123: Lost braces in \itemize; meant \describe ? checkRd: (-1) manipulateWidget.Rd:124-127: Lost braces in \itemize; meant \describe ? Flavors: r-devel-linux-x86_64-debian-clang, r-devel-linux-x86_64-debian-gcc, r-devel-linux-x86_64-fedora-clang, r-devel-linux-x86_64-fedora-gcc, r-devel-windows-x86_64, r-patched-linux-x86_64, r-release-linux-x86_64, r-release-macos-arm64, r-release-macos-x86_64, r-release-windows-x86_64, r-oldrel-macos-arm64, r-oldrel-macos-x86_64, r-oldrel-windows-x86_64