CRAN Package Check Results for Package manydata

Last updated on 2023-05-28 05:52:11 CEST.

Flavor Version Tinstall Tcheck Ttotal Status Flags
r-devel-linux-x86_64-debian-clang 0.8.2 16.67 165.40 182.07 OK
r-devel-linux-x86_64-debian-gcc 0.8.2 13.33 124.65 137.98 OK
r-devel-linux-x86_64-fedora-clang 0.8.2 234.37 NOTE
r-devel-linux-x86_64-fedora-gcc 0.8.2 230.98 NOTE
r-devel-windows-x86_64 0.8.2 13.00 144.00 157.00 OK
r-patched-linux-x86_64 0.8.2 12.99 153.87 166.86 OK
r-release-linux-x86_64 0.8.2 13.78 153.21 166.99 OK
r-release-macos-arm64 0.8.2 72.00 OK
r-release-macos-x86_64 0.8.2 121.00 OK
r-release-windows-x86_64 0.8.2 18.00 186.00 204.00 OK
r-oldrel-macos-arm64 0.8.2 81.00 NOTE
r-oldrel-macos-x86_64 0.8.2 96.00 NOTE
r-oldrel-windows-x86_64 0.8.2 20.00 206.00 226.00 OK

Check Details

Version: 0.8.2
Check: data for non-ASCII characters
Result: NOTE
     Note: found 3 marked UTF-8 strings
Flavors: r-devel-linux-x86_64-fedora-clang, r-devel-linux-x86_64-fedora-gcc, r-oldrel-macos-arm64, r-oldrel-macos-x86_64