CRAN Package Check Results for Package maotai

Last updated on 2021-09-16 11:53:27 CEST.

Flavor Version Tinstall Tcheck Ttotal Status Flags
r-devel-linux-x86_64-debian-clang 0.2.0 98.92 90.08 189.00 OK
r-devel-linux-x86_64-debian-gcc 0.2.0 65.71 68.31 134.02 OK
r-devel-linux-x86_64-fedora-clang 0.2.0 259.81 OK
r-devel-linux-x86_64-fedora-gcc 0.2.0 232.46 OK
r-devel-windows-x86_64 0.2.0 89.00 124.00 213.00 OK
r-devel-windows-x86_64-gcc10-UCRT 0.2.0 OK
r-patched-linux-x86_64 0.2.0 85.85 85.19 171.04 OK
r-patched-solaris-x86 0.2.0 253.20 OK
r-release-linux-x86_64 0.2.0 81.57 85.80 167.37 OK
r-release-macos-arm64 0.2.0 NOTE
r-release-macos-x86_64 0.2.0 OK
r-release-windows-ix86+x86_64 0.2.0 216.00 119.00 335.00 OK
r-oldrel-macos-x86_64 0.2.0 OK
r-oldrel-windows-ix86+x86_64 0.2.0 172.00 168.00 340.00 OK

Check Details

Version: 0.2.0
Check: installed package size
Result: NOTE
     installed size is 5.5Mb
     sub-directories of 1Mb or more:
     libs 5.3Mb
Flavor: r-release-macos-arm64