CRAN Package Check Results for Package mapcan

Last updated on 2023-03-27 23:55:45 CEST.

Flavor Version Tinstall Tcheck Ttotal Status Flags
r-devel-linux-x86_64-debian-clang 0.0.1 5.43 32.67 38.10 OK
r-devel-linux-x86_64-debian-gcc 0.0.1 5.31 25.66 30.97 OK
r-devel-linux-x86_64-fedora-clang 0.0.1 48.28 NOTE
r-devel-linux-x86_64-fedora-gcc 0.0.1 80.14 NOTE
r-patched-linux-x86_64 0.0.1 5.67 31.62 37.29 OK
r-release-linux-x86_64 0.0.1 4.87 32.33 37.20 OK
r-release-macos-arm64 0.0.1 28.00 NOTE
r-release-macos-x86_64 0.0.1 49.00 NOTE
r-release-windows-x86_64 0.0.1 34.00 70.00 104.00 OK
r-oldrel-macos-arm64 0.0.1 42.00 NOTE
r-oldrel-macos-x86_64 0.0.1 43.00 NOTE
r-oldrel-windows-ix86+x86_64 0.0.1 14.00 61.00 75.00 OK

Check Details

Version: 0.0.1
Check: dependencies in R code
Result: NOTE
    Namespace in Imports field not imported from: ‘dplyr’
     All declared Imports should be used.
Flavors: r-devel-linux-x86_64-fedora-clang, r-devel-linux-x86_64-fedora-gcc, r-release-macos-arm64, r-release-macos-x86_64, r-oldrel-macos-arm64, r-oldrel-macos-x86_64

Version: 0.0.1
Check: data for non-ASCII characters
Result: NOTE
     Note: found 3058 marked UTF-8 strings
Flavors: r-devel-linux-x86_64-fedora-clang, r-devel-linux-x86_64-fedora-gcc, r-release-macos-arm64, r-release-macos-x86_64, r-oldrel-macos-arm64, r-oldrel-macos-x86_64