Last updated on 2024-08-16 11:49:44 CEST.
Flavor | Version | Tinstall | Tcheck | Ttotal | Status | Flags |
---|---|---|---|---|---|---|
r-devel-linux-x86_64-debian-clang | 0.6.0 | 4.68 | 44.84 | 49.52 | NOTE | |
r-devel-linux-x86_64-debian-gcc | 0.6.0 | 3.06 | 31.37 | 34.43 | NOTE | |
r-devel-linux-x86_64-fedora-clang | 0.6.0 | 78.00 | NOTE | |||
r-devel-linux-x86_64-fedora-gcc | 0.6.0 | 72.23 | NOTE | |||
r-devel-windows-x86_64 | 0.6.0 | 7.00 | 63.00 | 70.00 | NOTE | |
r-patched-linux-x86_64 | 0.6.0 | 10.52 | 41.83 | 52.35 | NOTE | |
r-release-linux-x86_64 | 0.6.0 | 2.97 | 42.22 | 45.19 | NOTE | |
r-release-macos-arm64 | 0.6.0 | 27.00 | NOTE | |||
r-release-macos-x86_64 | 0.6.0 | 37.00 | NOTE | |||
r-release-windows-x86_64 | 0.6.0 | 8.00 | 61.00 | 69.00 | NOTE | |
r-oldrel-macos-arm64 | 0.6.0 | 29.00 | NOTE | |||
r-oldrel-macos-x86_64 | 0.6.0 | 38.00 | NOTE | |||
r-oldrel-windows-x86_64 | 0.6.0 | 9.00 | 70.00 | 79.00 | NOTE |
Version: 0.6.0
Check: package subdirectories
Result: NOTE
Problems with news in ‘NEWS.md’:
Cannot extract version info from the following section titles:
Bug Fixes
Flavors: r-devel-linux-x86_64-debian-clang, r-devel-linux-x86_64-debian-gcc, r-devel-linux-x86_64-fedora-clang, r-devel-linux-x86_64-fedora-gcc, r-devel-windows-x86_64, r-patched-linux-x86_64, r-release-linux-x86_64, r-release-macos-arm64, r-release-macos-x86_64, r-release-windows-x86_64, r-oldrel-macos-arm64, r-oldrel-macos-x86_64, r-oldrel-windows-x86_64
Version: 0.6.0
Check: Rd cross-references
Result: NOTE
Found the following Rd file(s) with Rd \link{} targets missing package
anchors:
selectFeatures.Rd: geos_binary_pred
Please provide package anchors for all Rd \link{} targets not in the
package itself and the base packages.
Flavors: r-devel-linux-x86_64-debian-clang, r-devel-linux-x86_64-debian-gcc, r-devel-windows-x86_64
Version: 0.6.0
Check: LazyData
Result: NOTE
'LazyData' is specified without a 'data' directory
Flavors: r-devel-linux-x86_64-debian-clang, r-devel-linux-x86_64-debian-gcc, r-devel-linux-x86_64-fedora-clang, r-devel-linux-x86_64-fedora-gcc, r-devel-windows-x86_64, r-patched-linux-x86_64, r-release-linux-x86_64, r-release-macos-arm64, r-release-macos-x86_64, r-release-windows-x86_64, r-oldrel-macos-arm64, r-oldrel-macos-x86_64, r-oldrel-windows-x86_64