Last updated on 2024-08-16 11:49:44 CEST.
Flavor | Version | Tinstall | Tcheck | Ttotal | Status | Flags |
---|---|---|---|---|---|---|
r-devel-linux-x86_64-debian-clang | 2.1.0 | 27.98 | 382.84 | 410.82 | OK | |
r-devel-linux-x86_64-debian-gcc | 2.1.0 | 17.67 | 260.10 | 277.77 | OK | |
r-devel-linux-x86_64-fedora-clang | 2.1.0 | 661.18 | NOTE | |||
r-devel-linux-x86_64-fedora-gcc | 2.1.0 | 852.48 | NOTE | |||
r-devel-windows-x86_64 | 2.1.0 | 24.00 | 379.00 | 403.00 | OK | |
r-patched-linux-x86_64 | 2.1.0 | 23.76 | 375.96 | 399.72 | OK | |
r-release-linux-x86_64 | 2.1.0 | 26.64 | 374.81 | 401.45 | OK | |
r-release-macos-arm64 | 2.1.0 | 276.00 | OK | |||
r-release-macos-x86_64 | 2.1.0 | 532.00 | OK | |||
r-release-windows-x86_64 | 2.1.0 | 23.00 | 377.00 | 400.00 | OK | |
r-oldrel-macos-arm64 | 2.1.0 | 241.00 | OK | |||
r-oldrel-macos-x86_64 | 2.1.0 | 789.00 | OK | |||
r-oldrel-windows-x86_64 | 2.1.0 | 34.00 | 484.00 | 518.00 | OK |
Version: 2.1.0
Check: data for non-ASCII characters
Result: NOTE
Note: found 1 marked UTF-8 string
Flavors: r-devel-linux-x86_64-fedora-clang, r-devel-linux-x86_64-fedora-gcc