Last updated on 2023-09-30 06:08:44 CEST.
Flavor | Version | Tinstall | Tcheck | Ttotal | Status | Flags |
---|---|---|---|---|---|---|
r-devel-linux-x86_64-debian-clang | 0.2.2 | 4.23 | 29.04 | 33.27 | OK | |
r-devel-linux-x86_64-debian-gcc | 0.2.2 | 3.59 | 22.85 | 26.44 | OK | |
r-devel-linux-x86_64-fedora-clang | 0.2.2 | 40.87 | NOTE | |||
r-devel-linux-x86_64-fedora-gcc | 0.2.2 | 39.77 | NOTE | |||
r-devel-windows-x86_64 | 0.2.2 | 5.00 | 48.00 | 53.00 | OK | |
r-patched-linux-x86_64 | 0.2.2 | 4.18 | 28.50 | 32.68 | OK | |
r-release-linux-x86_64 | 0.2.2 | 3.22 | 28.94 | 32.16 | OK | |
r-release-macos-arm64 | 0.2.2 | 27.00 | OK | |||
r-release-macos-x86_64 | 0.2.2 | 35.00 | OK | |||
r-release-windows-x86_64 | 0.2.2 | 6.00 | 47.00 | 53.00 | OK | |
r-oldrel-macos-arm64 | 0.2.2 | 27.00 | OK | |||
r-oldrel-macos-x86_64 | 0.2.2 | 30.00 | OK | |||
r-oldrel-windows-x86_64 | 0.2.2 | 8.00 | 51.00 | 59.00 | OK |
Version: 0.2.2
Check: data for non-ASCII characters
Result: NOTE
Note: found 1056 marked UTF-8 strings
Flavors: r-devel-linux-x86_64-fedora-clang, r-devel-linux-x86_64-fedora-gcc