CRAN Package Check Results for Package mapsapi

Last updated on 2021-12-08 23:49:22 CET.

Flavor Version Tinstall Tcheck Ttotal Status Flags
r-devel-linux-x86_64-debian-clang 0.5.0 6.56 94.20 100.76 OK
r-devel-linux-x86_64-debian-gcc 0.5.0 5.19 70.96 76.15 OK
r-devel-linux-x86_64-fedora-clang 0.5.0 122.31 NOTE
r-devel-linux-x86_64-fedora-gcc 0.5.0 109.75 NOTE
r-devel-windows-x86_64-new-UL 0.5.0 17.00 131.00 148.00 OK
r-devel-windows-x86_64-new-TK 0.5.0 NOTE
r-devel-windows-x86_64-old 0.5.0 12.00 83.00 95.00 OK
r-patched-linux-x86_64 0.5.0 5.97 89.82 95.79 OK
r-release-linux-x86_64 0.5.0 6.00 88.30 94.30 OK
r-release-macos-arm64 0.5.0 NOTE
r-release-macos-x86_64 0.5.0 NOTE
r-release-windows-ix86+x86_64 0.5.0 11.00 98.00 109.00 OK
r-oldrel-macos-x86_64 0.5.0 NOTE
r-oldrel-windows-ix86+x86_64 0.5.0 16.00 119.00 135.00 OK

Check Details

Version: 0.5.0
Check: data for non-ASCII characters
Result: NOTE
     Note: found 55 marked UTF-8 strings
Flavors: r-devel-linux-x86_64-fedora-clang, r-devel-linux-x86_64-fedora-gcc, r-devel-windows-x86_64-new-TK, r-release-macos-arm64, r-release-macos-x86_64, r-oldrel-macos-x86_64