CRAN Package Check Results for Package marginalizedRisk

Last updated on 2021-07-31 17:50:39 CEST.

Flavor Version Tinstall Tcheck Ttotal Status Flags
r-devel-linux-x86_64-debian-clang 2021.2-4 1.95 32.50 34.45 NOTE
r-devel-linux-x86_64-debian-gcc 2021.2-4 1.50 25.68 27.18 NOTE
r-devel-linux-x86_64-fedora-clang 2021.2-4 50.82 NOTE
r-devel-linux-x86_64-fedora-gcc 2021.2-4 40.48 NOTE
r-devel-windows-x86_64 2021.2-4 4.00 50.00 54.00 NOTE
r-devel-windows-x86_64-gcc10-UCRT 2021.2-4 NOTE
r-patched-linux-x86_64 2021.2-4 NOTE
r-patched-solaris-x86 2021.2-4 62.70 NOTE
r-release-linux-x86_64 2021.2-4 1.63 31.30 32.93 NOTE
r-release-macos-arm64 2021.2-4 NOTE
r-release-macos-x86_64 2021.2-4 NOTE
r-release-windows-ix86+x86_64 2021.2-4 5.00 38.00 43.00 NOTE
r-oldrel-macos-x86_64 2021.2-4 OK
r-oldrel-windows-ix86+x86_64 2021.2-4 8.00 51.00 59.00 OK

Check Details

Version: 2021.2-4
Check: LazyData
Result: NOTE
     'LazyData' is specified without a 'data' directory
Flavors: r-devel-linux-x86_64-debian-clang, r-devel-linux-x86_64-debian-gcc, r-devel-linux-x86_64-fedora-clang, r-devel-linux-x86_64-fedora-gcc, r-devel-windows-x86_64, r-devel-windows-x86_64-gcc10-UCRT, r-patched-linux-x86_64, r-patched-solaris-x86, r-release-linux-x86_64, r-release-macos-arm64, r-release-macos-x86_64, r-release-windows-ix86+x86_64