Last updated on 2024-08-16 11:49:44 CEST.
Flavor | Version | Tinstall | Tcheck | Ttotal | Status | Flags |
---|---|---|---|---|---|---|
r-devel-linux-x86_64-debian-clang | 1.1.5 | 65.28 | 193.82 | 259.10 | OK | |
r-devel-linux-x86_64-debian-gcc | 1.1.5 | 43.08 | 135.29 | 178.37 | OK | |
r-devel-linux-x86_64-fedora-clang | 1.1.5 | 456.79 | OK | |||
r-devel-linux-x86_64-fedora-gcc | 1.1.5 | 458.48 | OK | |||
r-devel-windows-x86_64 | 1.1.5 | 60.00 | 286.00 | 346.00 | OK | |
r-patched-linux-x86_64 | 1.1.5 | 62.19 | 199.80 | 261.99 | OK | |
r-release-linux-x86_64 | 1.1.5 | 61.86 | 200.40 | 262.26 | OK | |
r-release-macos-arm64 | 1.1.5 | 150.00 | NOTE | |||
r-release-macos-x86_64 | 1.1.5 | 241.00 | NOTE | |||
r-release-windows-x86_64 | 1.1.5 | 59.00 | 284.00 | 343.00 | OK | |
r-oldrel-macos-arm64 | 1.1.5 | 143.00 | NOTE | |||
r-oldrel-macos-x86_64 | 1.1.5 | 322.00 | NOTE | |||
r-oldrel-windows-x86_64 | 1.1.5 | 75.00 | 362.00 | 437.00 | OK |
Version: 1.1.5
Check: installed package size
Result: NOTE
installed size is 5.3Mb
sub-directories of 1Mb or more:
libs 3.4Mb
Flavors: r-release-macos-arm64, r-release-macos-x86_64, r-oldrel-macos-arm64, r-oldrel-macos-x86_64