Last updated on 2023-09-28 11:55:37 CEST.
Flavor | Version | Tinstall | Tcheck | Ttotal | Status | Flags |
---|---|---|---|---|---|---|
r-devel-linux-x86_64-debian-clang | 1.1.4 | 83.62 | 287.72 | 371.34 | OK | |
r-devel-linux-x86_64-debian-gcc | 1.1.4 | 61.94 | 204.08 | 266.02 | OK | |
r-devel-linux-x86_64-fedora-clang | 1.1.4 | 447.53 | OK | |||
r-devel-linux-x86_64-fedora-gcc | 1.1.4 | 460.21 | OK | |||
r-devel-windows-x86_64 | 1.1.4 | 60.00 | 293.00 | 353.00 | OK | |
r-patched-linux-x86_64 | 1.1.4 | 80.14 | 271.26 | 351.40 | OK | |
r-release-linux-x86_64 | 1.1.4 | 87.79 | 273.27 | 361.06 | OK | |
r-release-macos-arm64 | 1.1.4 | 151.00 | NOTE | |||
r-release-macos-x86_64 | 1.1.4 | 251.00 | NOTE | |||
r-release-windows-x86_64 | 1.1.4 | 81.00 | 362.00 | 443.00 | OK | |
r-oldrel-macos-arm64 | 1.1.4 | 131.00 | NOTE | |||
r-oldrel-macos-x86_64 | 1.1.4 | 151.00 | NOTE | |||
r-oldrel-windows-x86_64 | 1.1.4 | 84.00 | 360.00 | 444.00 | OK |
Version: 1.1.4
Check: installed package size
Result: NOTE
installed size is 5.8Mb
sub-directories of 1Mb or more:
libs 3.6Mb
Flavors: r-release-macos-arm64, r-release-macos-x86_64, r-oldrel-macos-arm64, r-oldrel-macos-x86_64