CRAN Package Check Results for Package markophylo

Last updated on 2024-06-13 18:49:57 CEST.

Flavor Version Tinstall Tcheck Ttotal Status Flags
r-devel-linux-x86_64-debian-clang 1.0.9 41.33 119.03 160.36 OK
r-devel-linux-x86_64-debian-gcc 1.0.9 0.40 1.84 2.24 ERROR
r-devel-linux-x86_64-fedora-clang 1.0.9 230.92 OK
r-devel-linux-x86_64-fedora-gcc 1.0.9 365.23 OK
r-devel-windows-x86_64 1.0.9 39.00 121.00 160.00 OK
r-patched-linux-x86_64 1.0.9 41.17 116.15 157.32 OK
r-release-linux-x86_64 1.0.9 38.80 114.45 153.25 OK
r-release-macos-arm64 1.0.9 91.00 OK
r-release-macos-x86_64 1.0.9 150.00 OK
r-release-windows-x86_64 1.0.9 43.00 121.00 164.00 OK
r-oldrel-macos-arm64 1.0.9 104.00 OK
r-oldrel-macos-x86_64 1.0.9 300.00 OK
r-oldrel-windows-x86_64 1.0.9 48.00 145.00 193.00 OK

Check Details

Version: 1.0.9
Check: package dependencies
Result: ERROR Packages required but not available: 'phangorn', 'geiger' Package suggested but not available for checking: ‘testthat’ See section ‘The DESCRIPTION file’ in the ‘Writing R Extensions’ manual. Flavor: r-devel-linux-x86_64-debian-gcc