Last updated on 2023-09-21 11:56:00 CEST.
Flavor | Version | Tinstall | Tcheck | Ttotal | Status | Flags |
---|---|---|---|---|---|---|
r-devel-linux-x86_64-debian-clang | 0.9.4 | 183.27 | 315.88 | 499.15 | NOTE | |
r-devel-linux-x86_64-debian-gcc | 0.9.4 | 131.61 | 227.03 | 358.64 | NOTE | |
r-devel-linux-x86_64-fedora-clang | 0.9.4 | 655.31 | NOTE | |||
r-devel-linux-x86_64-fedora-gcc | 0.9.4 | 686.39 | NOTE | |||
r-devel-windows-x86_64 | 0.9.4 | 140.00 | 349.00 | 489.00 | NOTE | |
r-patched-linux-x86_64 | 0.9.4 | 191.08 | 307.79 | 498.87 | NOTE | |
r-release-linux-x86_64 | 0.9.4 | 185.39 | 314.89 | 500.28 | NOTE | |
r-release-macos-arm64 | 0.9.4 | 169.00 | NOTE | |||
r-release-macos-x86_64 | 0.9.4 | 285.00 | NOTE | |||
r-release-windows-x86_64 | 0.9.4 | 175.00 | 355.00 | 530.00 | NOTE | |
r-oldrel-macos-arm64 | 0.9.1 | 166.00 | NOTE | |||
r-oldrel-macos-x86_64 | 0.9.1 | 194.00 | NOTE | |||
r-oldrel-windows-x86_64 | 0.9.1 | 168.00 | 331.00 | 499.00 | OK |
Version: 0.9.4
Check: for GNU extensions in Makefiles
Result: NOTE
GNU make is a SystemRequirements.
Flavors: r-devel-linux-x86_64-debian-clang, r-devel-linux-x86_64-debian-gcc, r-devel-linux-x86_64-fedora-clang, r-devel-linux-x86_64-fedora-gcc, r-devel-windows-x86_64, r-patched-linux-x86_64, r-release-linux-x86_64, r-release-macos-arm64, r-release-macos-x86_64, r-release-windows-x86_64
Version: 0.9.4
Check: installed package size
Result: NOTE
installed size is 9.9Mb
sub-directories of 1Mb or more:
libs 8.3Mb
Flavors: r-release-macos-arm64, r-release-macos-x86_64
Version: 0.9.1
Check: installed package size
Result: NOTE
installed size is 10.3Mb
sub-directories of 1Mb or more:
libs 8.7Mb
Flavors: r-oldrel-macos-arm64, r-oldrel-macos-x86_64