Last updated on 2023-03-30 11:54:31 CEST.
Flavor | Version | Tinstall | Tcheck | Ttotal | Status | Flags |
---|---|---|---|---|---|---|
r-devel-linux-x86_64-debian-clang | 0.1.3 | 5.41 | 45.77 | 51.18 | NOTE | |
r-devel-linux-x86_64-debian-gcc | 0.1.3 | 3.51 | 34.92 | 38.43 | NOTE | |
r-devel-linux-x86_64-fedora-clang | 0.1.3 | 63.93 | NOTE | |||
r-devel-linux-x86_64-fedora-gcc | 0.1.3 | 74.26 | NOTE | |||
r-devel-windows-x86_64 | 0.1.3 | 25.00 | 0.00 | 25.00 | WARN | |
r-patched-linux-x86_64 | 0.1.3 | 3.83 | 42.77 | 46.60 | NOTE | |
r-release-linux-x86_64 | 0.1.3 | 4.57 | 45.48 | 50.05 | NOTE | |
r-release-macos-arm64 | 0.1.3 | 24.00 | NOTE | |||
r-release-macos-x86_64 | 0.1.3 | 41.00 | NOTE | |||
r-release-windows-x86_64 | 0.1.3 | 9.00 | 82.00 | 91.00 | NOTE | |
r-oldrel-macos-arm64 | 0.1.3 | 22.00 | NOTE | |||
r-oldrel-macos-x86_64 | 0.1.3 | 35.00 | NOTE | |||
r-oldrel-windows-ix86+x86_64 | 0.1.3 | 13.00 | 78.00 | 91.00 | NOTE |
Version: 0.1.3
Check: LazyData
Result: NOTE
'LazyData' is specified without a 'data' directory
Flavors: r-devel-linux-x86_64-debian-clang, r-devel-linux-x86_64-debian-gcc, r-devel-linux-x86_64-fedora-clang, r-devel-linux-x86_64-fedora-gcc, r-devel-windows-x86_64, r-patched-linux-x86_64, r-release-linux-x86_64, r-release-macos-arm64, r-release-macos-x86_64, r-release-windows-x86_64, r-oldrel-macos-arm64, r-oldrel-macos-x86_64, r-oldrel-windows-ix86+x86_64
Version: 0.1.3
Check: S3 generic/method consistency
Result: WARN
Mingw-w64 runtime failure:
VirtualProtect failed with code 0x5af
See section 'Generic functions and methods' in the 'Writing R
Extensions' manual.
Flavor: r-devel-windows-x86_64
Version: 0.1.3
Check: replacement functions
Result: WARN
Error: there is no package called 'purrr'
Call sequence:
7: doWithOneRestart(return(expr), restart)
6: withOneRestart(expr, restarts[[1L]])
5: withRestarts(stop(cond), retry_loadNamespace = function() NULL)
4: loadNamespace(j <- i[[1L]], c(lib.loc, .libPaths()), versionCheck = vI[[j]])
3: asNamespace(ns)
2: namespaceImportFrom(ns, loadNamespace(j <- i[[1L]], c(lib.loc,
.libPaths()), versionCheck = vI[[j]]), i[[2L]], from = package)
1: loadNamespace(package, lib.loc)
Execution halted
The argument of a replacement function which corresponds to the right
hand side must be named 'value'.
Flavor: r-devel-windows-x86_64
Version: 0.1.3
Check: HTML version of manual
Result: NOTE
Encountered the following conversion/validation errors:
'CreateProcess' failed to run 'd:\rtools43\x86_64-w64-mingw32.static.posix\bin\tidy.exe -language en -qe --drop-empty-elements no D:\temp\Rtmpcpq0Bw\file241346cf56015'
Flavor: r-devel-windows-x86_64