CRAN Package Check Results for Package matchmaker

Last updated on 2024-04-18 06:09:52 CEST.

Flavor Version Tinstall Tcheck Ttotal Status Flags
r-devel-linux-x86_64-debian-clang 0.1.1 3.73 42.73 46.46 NOTE
r-devel-linux-x86_64-debian-gcc 0.1.1 2.60 32.67 35.27 NOTE
r-devel-linux-x86_64-fedora-clang 0.1.1 60.20 NOTE
r-devel-linux-x86_64-fedora-gcc 0.1.1 69.55 NOTE
r-prerel-macos-arm64 0.1.1 29.00 NOTE
r-prerel-windows-x86_64 0.1.1 6.00 55.00 61.00 NOTE
r-patched-linux-x86_64 0.1.1 3.25 41.68 44.93 NOTE
r-release-linux-x86_64 0.1.1 3.18 40.43 43.61 NOTE
r-release-macos-arm64 0.1.1 32.00 NOTE
r-release-macos-x86_64 0.1.1 41.00 NOTE
r-release-windows-x86_64 0.1.1 5.00 55.00 60.00 NOTE
r-oldrel-macos-arm64 0.1.1 24.00 NOTE
r-oldrel-windows-x86_64 0.1.1 6.00 63.00 69.00 NOTE

Check Details

Version: 0.1.1
Check: LazyData
Result: NOTE 'LazyData' is specified without a 'data' directory Flavors: r-devel-linux-x86_64-debian-clang, r-devel-linux-x86_64-debian-gcc, r-devel-linux-x86_64-fedora-clang, r-devel-linux-x86_64-fedora-gcc, r-prerel-macos-arm64, r-prerel-windows-x86_64, r-patched-linux-x86_64, r-release-linux-x86_64, r-release-macos-arm64, r-release-macos-x86_64, r-release-windows-x86_64, r-oldrel-macos-arm64, r-oldrel-windows-x86_64