CRAN Package Check Results for Package matlab

Last updated on 2021-12-02 23:51:12 CET.

Flavor Version Tinstall Tcheck Ttotal Status Flags
r-devel-linux-x86_64-debian-clang 1.0.2 4.20 53.91 58.11 NOTE
r-devel-linux-x86_64-debian-gcc 1.0.2 3.32 42.43 45.75 NOTE
r-devel-linux-x86_64-fedora-clang 1.0.2 83.83 NOTE
r-devel-linux-x86_64-fedora-gcc 1.0.2 71.99 NOTE
r-devel-windows-x86_64-new-UL 1.0.2 14.00 105.00 119.00 NOTE
r-devel-windows-x86_64-new-TK 1.0.2 NOTE
r-devel-windows-x86_64-old 1.0.2 7.00 65.00 72.00 NOTE
r-patched-linux-x86_64 1.0.2 4.38 52.01 56.39 NOTE
r-patched-solaris-x86 1.0.2 111.70 NOTE
r-release-linux-x86_64 1.0.2 4.31 51.82 56.13 NOTE
r-release-macos-arm64 1.0.2 NOTE
r-release-macos-x86_64 1.0.2 NOTE
r-release-windows-ix86+x86_64 1.0.2 9.00 63.00 72.00 NOTE
r-oldrel-macos-x86_64 1.0.2 NOTE
r-oldrel-windows-ix86+x86_64 1.0.2 7.00 63.00 70.00 NOTE

Check Details

Version: 1.0.2
Check: DESCRIPTION meta-information
Result: NOTE
    Malformed Description field: should contain one or more complete sentences.
Flavors: r-devel-linux-x86_64-debian-clang, r-devel-linux-x86_64-debian-gcc, r-devel-linux-x86_64-fedora-clang, r-devel-linux-x86_64-fedora-gcc, r-devel-windows-x86_64-new-UL, r-devel-windows-x86_64-new-TK, r-devel-windows-x86_64-old, r-patched-linux-x86_64, r-patched-solaris-x86, r-release-linux-x86_64, r-release-macos-arm64, r-release-macos-x86_64, r-release-windows-ix86+x86_64, r-oldrel-macos-x86_64, r-oldrel-windows-ix86+x86_64

Version: 1.0.2
Check: R code for possible problems
Result: NOTE
    Found the following possibly unsafe calls:
    File 'matlab/R/zzz.R':
     unlockBinding("savedTime", .MatlabNamespaceEnv)
    
    colorbar : colorbar.EO: no visible global function definition for 'par'
    colorbar : colorbar.EO: no visible global function definition for
     'axis'
    colorbar : colorbar.EO: no visible global function definition for
     'axTicks'
    colorbar : colorbar.EO: no visible global function definition for 'box'
    colorbar : colorbar.NO: no visible global function definition for
     'axis'
    colorbar : colorbar.NO: no visible global function definition for
     'axTicks'
    colorbar : colorbar.NO: no visible global function definition for 'box'
    imagesc : pretty.axp: no visible global function definition for 'par'
    imagesc: no visible global function definition for 'axis'
    imagesc: no visible global function definition for 'box'
    jet.colors: no visible global function definition for 'rgb'
    multiline.plot.colors : get.gca.colororder: no visible global function
     definition for 'rgb'
    std: no visible global function definition for 'sd'
    Undefined global functions or variables:
     axTicks axis box par rgb sd
    Consider adding
     importFrom("grDevices", "rgb")
     importFrom("graphics", "axTicks", "axis", "box", "par")
     importFrom("stats", "sd")
    to your NAMESPACE file.
Flavors: r-devel-linux-x86_64-debian-clang, r-devel-linux-x86_64-debian-gcc, r-devel-linux-x86_64-fedora-clang, r-devel-linux-x86_64-fedora-gcc, r-devel-windows-x86_64-new-UL, r-devel-windows-x86_64-new-TK, r-devel-windows-x86_64-old, r-patched-linux-x86_64, r-patched-solaris-x86, r-release-linux-x86_64, r-release-macos-arm64, r-release-macos-x86_64, r-release-windows-ix86+x86_64, r-oldrel-macos-x86_64, r-oldrel-windows-ix86+x86_64