CRAN Package Check Results for Package matlab

Last updated on 2024-02-22 00:58:34 CET.

Flavor Version Tinstall Tcheck Ttotal Status Flags
r-devel-linux-x86_64-debian-clang 1.0.4 NOTE
r-devel-linux-x86_64-debian-gcc 1.0.4 3.07 45.75 48.82 NOTE
r-devel-linux-x86_64-fedora-clang 1.0.4 81.29 NOTE
r-devel-linux-x86_64-fedora-gcc 1.0.4 79.82 NOTE
r-devel-windows-x86_64 1.0.4 5.00 80.00 85.00 NOTE
r-patched-linux-x86_64 1.0.4 5.62 59.10 64.72 NOTE
r-release-linux-x86_64 1.0.4 4.64 59.42 64.06 NOTE
r-release-macos-arm64 1.0.4 38.00 NOTE
r-release-macos-x86_64 1.0.4 55.00 NOTE
r-release-windows-x86_64 1.0.4 6.00 91.00 97.00 NOTE
r-oldrel-macos-arm64 1.0.4 39.00 OK
r-oldrel-windows-x86_64 1.0.4 32.00 107.00 139.00 OK

Check Details

Version: 1.0.4
Check: Rd files
Result: NOTE checkRd: (-1) size_t-class.Rd:6: Escaped LaTeX specials: \_ Flavors: r-devel-linux-x86_64-debian-clang, r-devel-linux-x86_64-debian-gcc, r-devel-linux-x86_64-fedora-clang, r-devel-linux-x86_64-fedora-gcc, r-devel-windows-x86_64, r-patched-linux-x86_64, r-release-linux-x86_64, r-release-macos-arm64, r-release-macos-x86_64, r-release-windows-x86_64