Last updated on 2023-04-01 23:53:08 CEST.
Flavor | Version | Tinstall | Tcheck | Ttotal | Status | Flags |
---|---|---|---|---|---|---|
r-devel-linux-x86_64-debian-clang | 0.9.6 | 8.08 | 92.48 | 100.56 | OK | |
r-devel-linux-x86_64-debian-gcc | 0.9.6 | 6.25 | 71.45 | 77.70 | OK | |
r-devel-linux-x86_64-fedora-clang | 0.9.6 | 121.57 | OK | |||
r-devel-linux-x86_64-fedora-gcc | 0.9.6 | 131.83 | OK | |||
r-devel-windows-x86_64 | 0.9.6 | 19.00 | 129.00 | 148.00 | WARN | |
r-patched-linux-x86_64 | 0.9.6 | 7.89 | 90.16 | 98.05 | OK | |
r-release-linux-x86_64 | 0.9.6 | 6.76 | 86.73 | 93.49 | OK | |
r-release-macos-arm64 | 0.9.6 | 42.00 | OK | |||
r-release-macos-x86_64 | 0.9.6 | 53.00 | OK | |||
r-release-windows-x86_64 | 0.9.6 | 49.00 | 145.00 | 194.00 | OK | |
r-oldrel-macos-arm64 | 0.9.6 | 53.00 | OK | |||
r-oldrel-macos-x86_64 | 0.9.6 | 67.00 | OK | |||
r-oldrel-windows-ix86+x86_64 | 0.9.6 | 16.00 | 123.00 | 139.00 | OK |
Version: 0.9.6
Check: whether the package can be unloaded cleanly
Result: WARN
Fatal error: couldn't allocate node stack
Flavor: r-devel-windows-x86_64
Version: 0.9.6
Check: whether the namespace can be loaded with stated dependencies
Result: WARN
Fatal error: couldn't allocate node stack
A namespace must be able to be loaded with just the base namespace
loaded: otherwise if the namespace gets loaded by a saved object, the
session will be unable to start.
Probably some imports need to be declared in the NAMESPACE file.
Flavor: r-devel-windows-x86_64