CRAN Package Check Results for Package matrixNormal

Last updated on 2023-12-11 05:51:58 CET.

Flavor Version Tinstall Tcheck Ttotal Status Flags
r-devel-linux-x86_64-debian-clang 0.1.1 2.17 30.40 32.57 OK
r-devel-linux-x86_64-debian-gcc 0.1.1 2.00 23.70 25.70 OK
r-devel-linux-x86_64-fedora-clang 0.1.1 41.61 OK
r-devel-linux-x86_64-fedora-gcc 0.1.1 50.23 OK
r-devel-windows-x86_64 0.1.1 3.00 48.00 51.00 OK
r-patched-linux-x86_64 0.1.1 2.83 30.23 33.06 OK
r-release-linux-x86_64 0.1.1 2.59 30.00 32.59 OK
r-release-macos-arm64 0.1.1 25.00 OK
r-release-macos-x86_64 0.1.1 33.00 NOTE
r-release-windows-x86_64 0.1.1 4.00 50.00 54.00 OK
r-oldrel-macos-arm64 0.1.1 20.00 OK
r-oldrel-macos-x86_64 0.1.1 50.00 OK
r-oldrel-windows-x86_64 0.1.1 3.00 54.00 57.00 OK

Check Details

Version: 0.1.1
Check: package dependencies
Result: NOTE Package suggested but not available for checking: ‘MBSP’ Flavor: r-release-macos-x86_64