CRAN Package Check Results for Package matrixTests

Last updated on 2021-07-30 05:52:18 CEST.

Flavor Version Tinstall Tcheck Ttotal Status Flags
r-devel-linux-x86_64-debian-clang 0.1.9 NOTE
r-devel-linux-x86_64-debian-gcc 0.1.9 3.60 127.33 130.93 NOTE
r-devel-linux-x86_64-fedora-clang 0.1.9 218.99 NOTE
r-devel-linux-x86_64-fedora-gcc 0.1.9 207.21 NOTE
r-devel-windows-x86_64 0.1.9 6.00 216.00 222.00 NOTE
r-devel-windows-x86_64-gcc10-UCRT 0.1.9 NOTE
r-patched-linux-x86_64 0.1.9 NOTE
r-patched-solaris-x86 0.1.9 256.70 NOTE
r-release-linux-x86_64 0.1.9 4.55 170.17 174.72 NOTE
r-release-macos-arm64 0.1.9 NOTE
r-release-macos-x86_64 0.1.9 NOTE
r-release-windows-ix86+x86_64 0.1.9 8.00 155.00 163.00 NOTE
r-oldrel-macos-x86_64 0.1.9 OK
r-oldrel-windows-ix86+x86_64 0.1.9 6.00 230.00 236.00 OK

Check Details

Version: 0.1.9
Check: LazyData
Result: NOTE
     'LazyData' is specified without a 'data' directory
Flavors: r-devel-linux-x86_64-debian-clang, r-devel-linux-x86_64-debian-gcc, r-devel-linux-x86_64-fedora-clang, r-devel-linux-x86_64-fedora-gcc, r-devel-windows-x86_64, r-devel-windows-x86_64-gcc10-UCRT, r-patched-linux-x86_64, r-patched-solaris-x86, r-release-linux-x86_64, r-release-macos-arm64, r-release-macos-x86_64, r-release-windows-ix86+x86_64