Last updated on 2023-09-24 05:53:14 CEST.
Flavor | Version | Tinstall | Tcheck | Ttotal | Status | Flags |
---|---|---|---|---|---|---|
r-devel-linux-x86_64-debian-clang | 1.1.9 | 307.09 | 104.59 | 411.68 | OK | |
r-devel-linux-x86_64-debian-gcc | 1.1.9 | 199.03 | 77.13 | 276.16 | OK | |
r-devel-linux-x86_64-fedora-clang | 1.1.9 | 574.50 | OK | |||
r-devel-linux-x86_64-fedora-gcc | 1.1.9 | 577.46 | OK | |||
r-devel-windows-x86_64 | 1.1.9 | 208.00 | 163.00 | 371.00 | OK | |
r-patched-linux-x86_64 | 1.1.9 | 276.07 | 102.35 | 378.42 | OK | |
r-release-linux-x86_64 | 1.1.9 | 279.84 | 101.62 | 381.46 | OK | |
r-release-macos-arm64 | 1.1.9 | 107.00 | NOTE | |||
r-release-macos-x86_64 | 1.1.9 | 140.00 | NOTE | |||
r-release-windows-x86_64 | 1.1.9 | 271.00 | 187.00 | 458.00 | OK | |
r-oldrel-macos-arm64 | 1.1.9 | 100.00 | NOTE | |||
r-oldrel-macos-x86_64 | 1.1.9 | 156.00 | NOTE | |||
r-oldrel-windows-x86_64 | 1.1.9 | 256.00 | 149.00 | 405.00 | OK |
Version: 1.1.9
Check: installed package size
Result: NOTE
installed size is 14.1Mb
sub-directories of 1Mb or more:
libs 13.2Mb
Flavors: r-release-macos-arm64, r-release-macos-x86_64, r-oldrel-macos-arm64, r-oldrel-macos-x86_64