Last updated on 2024-04-25 17:49:55 CEST.
Flavor | Version | Tinstall | Tcheck | Ttotal | Status | Flags |
---|---|---|---|---|---|---|
r-devel-linux-x86_64-debian-clang | 1.1.9 | 295.22 | 105.98 | 401.20 | OK | |
r-devel-linux-x86_64-debian-gcc | 1.1.9 | 230.58 | 75.10 | 305.68 | OK | |
r-devel-linux-x86_64-fedora-clang | 1.1.9 | 584.02 | OK | |||
r-devel-linux-x86_64-fedora-gcc | 1.1.9 | 577.06 | OK | |||
r-devel-windows-x86_64 | 1.1.9 | 219.00 | 160.00 | 379.00 | OK | |
r-patched-linux-x86_64 | 1.1.9 | 282.38 | 101.61 | 383.99 | OK | |
r-release-linux-x86_64 | 1.1.9 | 287.82 | 103.92 | 391.74 | OK | |
r-release-macos-arm64 | 1.1.9 | 97.00 | NOTE | |||
r-release-windows-x86_64 | 1.1.9 | 214.00 | 159.00 | 373.00 | OK | |
r-oldrel-macos-arm64 | 1.1.9 | 107.00 | NOTE | |||
r-oldrel-macos-x86_64 | 1.1.9 | 140.00 | NOTE | |||
r-oldrel-windows-x86_64 | 1.1.9 | 274.00 | 189.00 | 463.00 | OK |
Version: 1.1.9
Check: installed package size
Result: NOTE
installed size is 14.1Mb
sub-directories of 1Mb or more:
libs 13.2Mb
Flavors: r-release-macos-arm64, r-oldrel-macos-arm64, r-oldrel-macos-x86_64